{"id":2468,"date":"2024-01-31T11:51:35","date_gmt":"2024-01-31T10:51:35","guid":{"rendered":"https:\/\/rad-pol.com.pl\/tkaninydekoracyjne\/?page_id=2468"},"modified":"2024-07-31T08:15:07","modified_gmt":"2024-07-31T06:15:07","slug":"obrusy-2","status":"publish","type":"page","link":"https:\/\/rad-pol.com.pl\/tkaninydekoracyjne\/obrusy-2\/","title":{"rendered":"Obrusy"},"content":{"rendered":"\t\t<div data-elementor-type=\"wp-page\" data-elementor-id=\"2468\" class=\"elementor elementor-2468\">\n\t\t\t\t<div class=\"elementor-element elementor-element-7192896 e-flex e-con-boxed qodef-elementor-content-no e-con e-parent\" data-id=\"7192896\" data-element_type=\"container\" data-e-type=\"container\" data-settings=\"{&quot;background_background&quot;:&quot;classic&quot;}\">\n\t\t\t\t\t<div class=\"e-con-inner\">\n\t\t\t\t<div class=\"elementor-element elementor-element-0ee3f10 qodef-info-below-alignment--center elementor-widget elementor-widget-qi_addons_for_elementor_product_list\" data-id=\"0ee3f10\" data-element_type=\"widget\" data-e-type=\"widget\" data-widget_type=\"qi_addons_for_elementor_product_list.default\">\n\t\t\t\t<div class=\"elementor-widget-container\">\n\t\t\t\t\t<div class=\"qodef-shortcode qodef-m qodef-addons-woo-shortcode qodef-qi-woo-shortcode-product-list qodef-item-layout--info-below-swap qodef-image--hover-zoom qodef-qi-grid qodef-layout--qi-columns qodef-col-num--3 qodef-item-layout--info-below-swap qodef-responsive--predefined\" >\n\t<div class=\"qodef-grid-inner\">\n\t\t<div class=\"qodef-e qodef-grid-item product type-product post-3733 status-publish first onbackorder product_cat-nowosc product_cat-obrusy has-post-thumbnail shipping-taxable product-type-simple\">\n\t<div class=\"qodef-e-product-inner\">\n\t\t\t\t\t<div class=\"qodef-e-product-image\">\n\t\t\t\t\t\t\t\t<div class=\"qodef-e-product-image-holder\">\n\t\t\t\t\t<a itemprop=\"url\" href=\"https:\/\/rad-pol.com.pl\/tkaninydekoracyjne\/produkt\/obrus-gipiurowy-julia\/\">\n\t\t\t\t\t\t<img fetchpriority=\"high\" decoding=\"async\" width=\"400\" height=\"400\" src=\"https:\/\/rad-pol.com.pl\/tkaninydekoracyjne\/wp-content\/uploads\/sites\/3\/2024\/05\/julia-obrusy-gipiurowe.jpg\" class=\"attachment-full size-full\" alt=\"\" srcset=\"https:\/\/rad-pol.com.pl\/tkaninydekoracyjne\/wp-content\/uploads\/sites\/3\/2024\/05\/julia-obrusy-gipiurowe.jpg 400w, https:\/\/rad-pol.com.pl\/tkaninydekoracyjne\/wp-content\/uploads\/sites\/3\/2024\/05\/julia-obrusy-gipiurowe-300x300.jpg 300w, https:\/\/rad-pol.com.pl\/tkaninydekoracyjne\/wp-content\/uploads\/sites\/3\/2024\/05\/julia-obrusy-gipiurowe-150x150.jpg 150w, https:\/\/rad-pol.com.pl\/tkaninydekoracyjne\/wp-content\/uploads\/sites\/3\/2024\/05\/julia-obrusy-gipiurowe-100x100.jpg 100w\" sizes=\"(max-width: 400px) 100vw, 400px\" \/>\t\t\t\t\t<\/a>\n\t\t\t\t<\/div>\n\t\t\t<\/div>\n\t\t\t\t<div class=\"qodef-e-product-content\">\n\t\t\t\t\t\t<h5 itemprop=\"name\" class=\"qodef-e-product-title qodef-e-title entry-title\">\n\t<a itemprop=\"url\" class=\"qodef-e-product-title-link\" href=\"https:\/\/rad-pol.com.pl\/tkaninydekoracyjne\/produkt\/obrus-gipiurowy-julia\/\">\n\t\tObrus gipiurowy Julia\t<\/a>\n<\/h5>\n\t\t\t<div class=\"qodef-e-swap-holder\">\n\t\t\t\t\t\t\t\t<div class=\"qodef-e-to-swap\">\n\t\t\t\t\t<a class=\"qodef-shortcode qodef-m button product_type_simple qodef-qi-button qodef-html--link qodef-layout--textual qodef-type--standard qodef-icon--right qodef-hover--icon-move-horizontal-short\" href=\"https:\/\/rad-pol.com.pl\/tkaninydekoracyjne\/produkt\/obrus-gipiurowy-julia\/\" target=\"_self\" data-product_id=\"3733\"  aria-label=\"Przeczytaj wi\u0119cej o \u201eObrus gipiurowy Julia\u201d\" rel=\"nofollow\" data-quantity=\"1\">\t<span class=\"qodef-m-text\">Dowiedz si\u0119 wi\u0119cej<\/span>\t<\/a>\t\t\t\t<\/div>\n\t\t\t<\/div>\n\t\t\t\t\t\t\t\t<\/div>\n\t\t<a href=\"https:\/\/rad-pol.com.pl\/tkaninydekoracyjne\/produkt\/obrus-gipiurowy-julia\/\" class=\"woocommerce-LoopProduct-link woocommerce-loop-product__link\"><\/a>\t<\/div>\n<\/div>\n<div class=\"qodef-e qodef-grid-item product type-product post-3721 status-publish onbackorder product_cat-nowosc product_cat-obrusy has-post-thumbnail shipping-taxable product-type-simple\">\n\t<div class=\"qodef-e-product-inner\">\n\t\t\t\t\t<div class=\"qodef-e-product-image\">\n\t\t\t\t\t\t\t\t<div class=\"qodef-e-product-image-holder\">\n\t\t\t\t\t<a itemprop=\"url\" href=\"https:\/\/rad-pol.com.pl\/tkaninydekoracyjne\/produkt\/obrus-dekoracyjny-asya\/\">\n\t\t\t\t\t\t<img decoding=\"async\" width=\"400\" height=\"400\" src=\"https:\/\/rad-pol.com.pl\/tkaninydekoracyjne\/wp-content\/uploads\/sites\/3\/2024\/05\/ASYA-obrus.jpg\" class=\"attachment-full size-full\" alt=\"\" srcset=\"https:\/\/rad-pol.com.pl\/tkaninydekoracyjne\/wp-content\/uploads\/sites\/3\/2024\/05\/ASYA-obrus.jpg 400w, https:\/\/rad-pol.com.pl\/tkaninydekoracyjne\/wp-content\/uploads\/sites\/3\/2024\/05\/ASYA-obrus-300x300.jpg 300w, https:\/\/rad-pol.com.pl\/tkaninydekoracyjne\/wp-content\/uploads\/sites\/3\/2024\/05\/ASYA-obrus-150x150.jpg 150w, https:\/\/rad-pol.com.pl\/tkaninydekoracyjne\/wp-content\/uploads\/sites\/3\/2024\/05\/ASYA-obrus-100x100.jpg 100w\" sizes=\"(max-width: 400px) 100vw, 400px\" \/>\t\t\t\t\t<\/a>\n\t\t\t\t<\/div>\n\t\t\t<\/div>\n\t\t\t\t<div class=\"qodef-e-product-content\">\n\t\t\t\t\t\t<h5 itemprop=\"name\" class=\"qodef-e-product-title qodef-e-title entry-title\">\n\t<a itemprop=\"url\" class=\"qodef-e-product-title-link\" href=\"https:\/\/rad-pol.com.pl\/tkaninydekoracyjne\/produkt\/obrus-dekoracyjny-asya\/\">\n\t\tObrus dekoracyjny Asya\t<\/a>\n<\/h5>\n\t\t\t<div class=\"qodef-e-swap-holder\">\n\t\t\t\t\t\t\t\t<div class=\"qodef-e-to-swap\">\n\t\t\t\t\t<a class=\"qodef-shortcode qodef-m button product_type_simple qodef-qi-button qodef-html--link qodef-layout--textual qodef-type--standard qodef-icon--right qodef-hover--icon-move-horizontal-short\" href=\"https:\/\/rad-pol.com.pl\/tkaninydekoracyjne\/produkt\/obrus-dekoracyjny-asya\/\" target=\"_self\" data-product_id=\"3721\"  aria-label=\"Przeczytaj wi\u0119cej o \u201eObrus dekoracyjny Asya\u201d\" rel=\"nofollow\" data-quantity=\"1\">\t<span class=\"qodef-m-text\">Dowiedz si\u0119 wi\u0119cej<\/span>\t<\/a>\t\t\t\t<\/div>\n\t\t\t<\/div>\n\t\t\t\t\t\t\t\t<\/div>\n\t\t<a href=\"https:\/\/rad-pol.com.pl\/tkaninydekoracyjne\/produkt\/obrus-dekoracyjny-asya\/\" class=\"woocommerce-LoopProduct-link woocommerce-loop-product__link\"><\/a>\t<\/div>\n<\/div>\n\t<\/div>\n\t<\/div>\n\t\t\t\t<\/div>\n\t\t\t\t<\/div>\n\t\t\t\t\t<\/div>\n\t\t\t\t<\/div>\n\t\t<div class=\"elementor-element elementor-element-deb1492 e-flex e-con-boxed qodef-elementor-content-no e-con e-parent\" data-id=\"deb1492\" data-element_type=\"container\" data-e-type=\"container\">\n\t\t\t\t\t<div class=\"e-con-inner\">\n\t\t\t\t<div class=\"elementor-element elementor-element-b1b6b6e elementor-widget elementor-widget-qi_addons_for_elementor_section_title\" data-id=\"b1b6b6e\" data-element_type=\"widget\" data-e-type=\"widget\" data-widget_type=\"qi_addons_for_elementor_section_title.default\">\n\t\t\t\t<div class=\"elementor-widget-container\">\n\t\t\t\t\t<div class=\"qodef-shortcode qodef-m qodef-qi-section-title qodef-decoration--italic qodef-link--underline-draw qodef-subtitle-icon--left\">\n\t\t\t\t<h5 class=\"qodef-m-subtitle\">\n\t\tRad-Pol Tkaniny\t\t\t<\/h5>\n\t\t\t<h2 class=\"qodef-m-title\">\n\t\tObrusy Gipiurowe\t<\/h2>\n\t\t\t<div class=\"qodef-m-text\"><div class=\"flex flex-grow flex-col max-w-full\"><div class=\"min-h-[20px] text-message flex flex-col items-start whitespace-pre-wrap break-words [.text-message+&amp;]:mt-5 juice:w-full juice:items-end overflow-x-auto gap-3\"><div class=\"markdown prose w-full break-words dark:prose-invert light\"><p>Obrusy gipiurowe stanowi\u0105 doskona\u0142y wyb\u00f3r dla tych, kt\u00f3rzy pragn\u0105 doda\u0107 elegancji i uroku swojemu sto\u0142owi. Kolekcje Julia i Asya to kwintesencja klasyki i wyrafinowania, oferuj\u0105c niepowtarzalny wygl\u0105d i wysok\u0105 jako\u015b\u0107 wykonania.<\/p><h3>Elegancja w Detalach<\/h3><p>Obrusy gipiurowe to synonim ponadczasowej elegancji. Wykonane z najwy\u017cszej jako\u015bci tkanin, imituj\u0105cych len w kolorze ecru, te obrusy zachwycaj\u0105 subteln\u0105 tekstur\u0105 i uniwersalnym wygl\u0105dem. Kolor ecru, b\u0119d\u0105cy delikatnym odcieniem be\u017cu lub z\u0142amanej bieli, nadaje im ponadczasowy charakter, kt\u00f3ry idealnie komponuje si\u0119 z r\u00f3\u017cnorodnymi zastawami sto\u0142owymi i dekoracj\u0105 wn\u0119trz.<\/p><h3>Wyj\u0105tkowe Wyko\u0144czenia<\/h3><p>Obrusy wyr\u00f3\u017cniaj\u0105 si\u0119 delikatnymi gipiurowymi wyko\u0144czeniami. Misterna koronka gipiurowa, w z\u0142otym odcieniu dla Julii i cappuccino dla Asyi, dodaje im niepowtarzalnego uroku i wyrafinowania. Subtelne wzory koronki tworz\u0105 efektowny kontrast z tkanin\u0105 w kolorze ecru, tworz\u0105c harmonijn\u0105 mieszank\u0119 barw i wzor\u00f3w.<\/p><h3>Wielko\u015b\u0107 Dopasowana do Potrzeb<\/h3><p>Kolekcje Julia i Asya oferuj\u0105 obrusy w r\u00f3\u017cnych rozmiarach i kszta\u0142tach, zapewniaj\u0105c idealne dopasowanie do ka\u017cdego sto\u0142u. Od prostok\u0105tnych po okr\u0105g\u0142e i owalne, ka\u017cdy znajdzie tu obrus odpowiedni dla swoich potrzeb. Dost\u0119pno\u015b\u0107 r\u00f3\u017cnych rozmiar\u00f3w sprawia, \u017ce te eleganckie obrusy s\u0105 doskona\u0142ym wyborem na ka\u017cd\u0105 okazj\u0119, od codziennych posi\u0142k\u00f3w po uroczyste spotkania.<\/p><h3>Trwa\u0142o\u015b\u0107 i Funkcjonalno\u015b\u0107<\/h3><p>Wykonane z najwy\u017cszej jako\u015bci materia\u0142\u00f3w, obrusy gipiurowe s\u0105 nie tylko pi\u0119kne, ale i wyj\u0105tkowo trwa\u0142e. Tkaniny imituj\u0105ce len s\u0105 \u0142atwe w piel\u0119gnacji, a delikatne wyko\u0144czenia gipiurowe dodaj\u0105 im elegancji i stylu. Dzi\u0119ki nim ka\u017cdy st\u00f3\u0142 staje si\u0119 nie tylko miejscem spotka\u0144, ale tak\u017ce wyj\u0105tkow\u0105 przestrzeni\u0105, kt\u00f3ra zachwyca go\u015bci i dodaje uroku ka\u017cdemu posi\u0142kowi.<\/p><h3>Podsumowanie<\/h3><p>Obrusy gipiurowe Julia i Asya to doskona\u0142y wyb\u00f3r dla tych, kt\u00f3rzy pragn\u0105 doda\u0107 elegancji i uroku swojemu sto\u0142owi. Wykonane z najwy\u017cszej jako\u015bci materia\u0142\u00f3w i wyko\u0144czone delikatn\u0105 gipiurow\u0105 koronk\u0105, te obrusy s\u0105 synonimem ponadczasowego stylu i wyrafinowania. Odkryj magi\u0119 obrus\u00f3w gipiurowych Julia i Asya ju\u017c dzi\u015b i stw\u00f3rz niezapomniane do\u015bwiadczenie przy stole!<\/p><\/div><\/div><\/div><\/div>\n\t<\/div>\n\t\t\t\t<\/div>\n\t\t\t\t<\/div>\n\t\t\t\t\t<\/div>\n\t\t\t\t<\/div>\n\t\t\t\t<\/div>\n\t\t","protected":false},"excerpt":{"rendered":"<p>Obrus gipiurowy Julia Dowiedz si\u0119 wi\u0119cej Obrus dekoracyjny Asya Dowiedz si\u0119 wi\u0119cej Rad-Pol Tkaniny Obrusy Gipiurowe Obrusy gipiurowe stanowi\u0105 doskona\u0142y wyb\u00f3r dla tych, kt\u00f3rzy pragn\u0105 doda\u0107 elegancji i uroku swojemu sto\u0142owi. Kolekcje Julia i Asya to kwintesencja klasyki i wyrafinowania, oferuj\u0105c niepowtarzalny wygl\u0105d i wysok\u0105 jako\u015b\u0107 wykonania. Elegancja w Detalach Obrusy gipiurowe to synonim ponadczasowej [&hellip;]<\/p>\n","protected":false},"author":5,"featured_media":0,"parent":0,"menu_order":0,"comment_status":"closed","ping_status":"closed","template":"","meta":{"footnotes":""},"class_list":["post-2468","page","type-page","status-publish","hentry"],"yoast_head":"<!-- This site is optimized with the Yoast SEO plugin v27.2 - https:\/\/yoast.com\/product\/yoast-seo-wordpress\/ -->\n<title>Obrusy - Rad-Pol Tkaniny<\/title>\n<meta name=\"description\" content=\"Obrusy gipiurowe stanowi\u0105 doskona\u0142y wyb\u00f3r dla tych, kt\u00f3rzy pragn\u0105 doda\u0107 elegancji i uroku swojemu sto\u0142owi.\" \/>\n<meta name=\"robots\" content=\"index, follow, max-snippet:-1, max-image-preview:large, max-video-preview:-1\" \/>\n<link rel=\"canonical\" href=\"https:\/\/rad-pol.com.pl\/tkaninydekoracyjne\/obrusy-2\/\" \/>\n<meta property=\"og:locale\" content=\"pl_PL\" \/>\n<meta property=\"og:type\" content=\"article\" \/>\n<meta property=\"og:title\" content=\"Obrusy - Rad-Pol Tkaniny\" \/>\n<meta property=\"og:description\" content=\"Obrusy gipiurowe stanowi\u0105 doskona\u0142y wyb\u00f3r dla tych, kt\u00f3rzy pragn\u0105 doda\u0107 elegancji i uroku swojemu sto\u0142owi.\" \/>\n<meta property=\"og:url\" content=\"https:\/\/rad-pol.com.pl\/tkaninydekoracyjne\/obrusy-2\/\" \/>\n<meta property=\"og:site_name\" content=\"Rad-Pol Tkaniny\" \/>\n<meta property=\"article:publisher\" content=\"https:\/\/www.facebook.com\/RadPolTkaniny\" \/>\n<meta property=\"article:modified_time\" content=\"2024-07-31T06:15:07+00:00\" \/>\n<meta property=\"og:image\" content=\"http:\/\/rad-pol.com.pl\/tkaninydekoracyjne\/wp-content\/uploads\/sites\/3\/2024\/05\/julia-obrusy-gipiurowe.jpg\" \/>\n<meta name=\"twitter:card\" content=\"summary_large_image\" \/>\n<meta name=\"twitter:label1\" content=\"Szacowany czas czytania\" \/>\n\t<meta name=\"twitter:data1\" content=\"3 minuty\" \/>\n<script type=\"application\/ld+json\" class=\"yoast-schema-graph\">{\"@context\":\"https:\/\/schema.org\",\"@graph\":[{\"@type\":\"WebPage\",\"@id\":\"https:\/\/rad-pol.com.pl\/tkaninydekoracyjne\/obrusy-2\/\",\"url\":\"https:\/\/rad-pol.com.pl\/tkaninydekoracyjne\/obrusy-2\/\",\"name\":\"Obrusy - Rad-Pol Tkaniny\",\"isPartOf\":{\"@id\":\"https:\/\/rad-pol.com.pl\/tkaninydekoracyjne\/#website\"},\"primaryImageOfPage\":{\"@id\":\"https:\/\/rad-pol.com.pl\/tkaninydekoracyjne\/obrusy-2\/#primaryimage\"},\"image\":{\"@id\":\"https:\/\/rad-pol.com.pl\/tkaninydekoracyjne\/obrusy-2\/#primaryimage\"},\"thumbnailUrl\":\"http:\/\/rad-pol.com.pl\/tkaninydekoracyjne\/wp-content\/uploads\/sites\/3\/2024\/05\/julia-obrusy-gipiurowe.jpg\",\"datePublished\":\"2024-01-31T10:51:35+00:00\",\"dateModified\":\"2024-07-31T06:15:07+00:00\",\"description\":\"Obrusy gipiurowe stanowi\u0105 doskona\u0142y wyb\u00f3r dla tych, kt\u00f3rzy pragn\u0105 doda\u0107 elegancji i uroku swojemu sto\u0142owi.\",\"breadcrumb\":{\"@id\":\"https:\/\/rad-pol.com.pl\/tkaninydekoracyjne\/obrusy-2\/#breadcrumb\"},\"inLanguage\":\"pl-PL\",\"potentialAction\":[{\"@type\":\"ReadAction\",\"target\":[\"https:\/\/rad-pol.com.pl\/tkaninydekoracyjne\/obrusy-2\/\"]}]},{\"@type\":\"ImageObject\",\"inLanguage\":\"pl-PL\",\"@id\":\"https:\/\/rad-pol.com.pl\/tkaninydekoracyjne\/obrusy-2\/#primaryimage\",\"url\":\"https:\/\/rad-pol.com.pl\/tkaninydekoracyjne\/wp-content\/uploads\/sites\/3\/2024\/05\/julia-obrusy-gipiurowe.jpg\",\"contentUrl\":\"https:\/\/rad-pol.com.pl\/tkaninydekoracyjne\/wp-content\/uploads\/sites\/3\/2024\/05\/julia-obrusy-gipiurowe.jpg\",\"width\":400,\"height\":400},{\"@type\":\"BreadcrumbList\",\"@id\":\"https:\/\/rad-pol.com.pl\/tkaninydekoracyjne\/obrusy-2\/#breadcrumb\",\"itemListElement\":[{\"@type\":\"ListItem\",\"position\":1,\"name\":\"Strona g\u0142\u00f3wna\",\"item\":\"https:\/\/rad-pol.com.pl\/tkaninydekoracyjne\/\"},{\"@type\":\"ListItem\",\"position\":2,\"name\":\"Obrusy\"}]},{\"@type\":\"WebSite\",\"@id\":\"https:\/\/rad-pol.com.pl\/tkaninydekoracyjne\/#website\",\"url\":\"https:\/\/rad-pol.com.pl\/tkaninydekoracyjne\/\",\"name\":\"Rad-Pol Tkaniny\",\"description\":\"\",\"publisher\":{\"@id\":\"https:\/\/rad-pol.com.pl\/tkaninydekoracyjne\/#organization\"},\"potentialAction\":[{\"@type\":\"SearchAction\",\"target\":{\"@type\":\"EntryPoint\",\"urlTemplate\":\"https:\/\/rad-pol.com.pl\/tkaninydekoracyjne\/?s={search_term_string}\"},\"query-input\":{\"@type\":\"PropertyValueSpecification\",\"valueRequired\":true,\"valueName\":\"search_term_string\"}}],\"inLanguage\":\"pl-PL\"},{\"@type\":\"Organization\",\"@id\":\"https:\/\/rad-pol.com.pl\/tkaninydekoracyjne\/#organization\",\"name\":\"Rad-Pol Tkaniny\",\"url\":\"https:\/\/rad-pol.com.pl\/tkaninydekoracyjne\/\",\"logo\":{\"@type\":\"ImageObject\",\"inLanguage\":\"pl-PL\",\"@id\":\"https:\/\/rad-pol.com.pl\/tkaninydekoracyjne\/#\/schema\/logo\/image\/\",\"url\":\"https:\/\/rad-pol.com.pl\/tkaninydekoracyjne\/wp-content\/uploads\/sites\/3\/2024\/04\/RadPol-logo-www.png\",\"contentUrl\":\"https:\/\/rad-pol.com.pl\/tkaninydekoracyjne\/wp-content\/uploads\/sites\/3\/2024\/04\/RadPol-logo-www.png\",\"width\":300,\"height\":108,\"caption\":\"Rad-Pol Tkaniny\"},\"image\":{\"@id\":\"https:\/\/rad-pol.com.pl\/tkaninydekoracyjne\/#\/schema\/logo\/image\/\"},\"sameAs\":[\"https:\/\/www.facebook.com\/RadPolTkaniny\"]}]}<\/script>\n<!-- \/ Yoast SEO plugin. -->","yoast_head_json":{"title":"Obrusy - Rad-Pol Tkaniny","description":"Obrusy gipiurowe stanowi\u0105 doskona\u0142y wyb\u00f3r dla tych, kt\u00f3rzy pragn\u0105 doda\u0107 elegancji i uroku swojemu sto\u0142owi.","robots":{"index":"index","follow":"follow","max-snippet":"max-snippet:-1","max-image-preview":"max-image-preview:large","max-video-preview":"max-video-preview:-1"},"canonical":"https:\/\/rad-pol.com.pl\/tkaninydekoracyjne\/obrusy-2\/","og_locale":"pl_PL","og_type":"article","og_title":"Obrusy - Rad-Pol Tkaniny","og_description":"Obrusy gipiurowe stanowi\u0105 doskona\u0142y wyb\u00f3r dla tych, kt\u00f3rzy pragn\u0105 doda\u0107 elegancji i uroku swojemu sto\u0142owi.","og_url":"https:\/\/rad-pol.com.pl\/tkaninydekoracyjne\/obrusy-2\/","og_site_name":"Rad-Pol Tkaniny","article_publisher":"https:\/\/www.facebook.com\/RadPolTkaniny","article_modified_time":"2024-07-31T06:15:07+00:00","og_image":[{"url":"http:\/\/rad-pol.com.pl\/tkaninydekoracyjne\/wp-content\/uploads\/sites\/3\/2024\/05\/julia-obrusy-gipiurowe.jpg","type":"","width":"","height":""}],"twitter_card":"summary_large_image","twitter_misc":{"Szacowany czas czytania":"3 minuty"},"schema":{"@context":"https:\/\/schema.org","@graph":[{"@type":"WebPage","@id":"https:\/\/rad-pol.com.pl\/tkaninydekoracyjne\/obrusy-2\/","url":"https:\/\/rad-pol.com.pl\/tkaninydekoracyjne\/obrusy-2\/","name":"Obrusy - Rad-Pol Tkaniny","isPartOf":{"@id":"https:\/\/rad-pol.com.pl\/tkaninydekoracyjne\/#website"},"primaryImageOfPage":{"@id":"https:\/\/rad-pol.com.pl\/tkaninydekoracyjne\/obrusy-2\/#primaryimage"},"image":{"@id":"https:\/\/rad-pol.com.pl\/tkaninydekoracyjne\/obrusy-2\/#primaryimage"},"thumbnailUrl":"http:\/\/rad-pol.com.pl\/tkaninydekoracyjne\/wp-content\/uploads\/sites\/3\/2024\/05\/julia-obrusy-gipiurowe.jpg","datePublished":"2024-01-31T10:51:35+00:00","dateModified":"2024-07-31T06:15:07+00:00","description":"Obrusy gipiurowe stanowi\u0105 doskona\u0142y wyb\u00f3r dla tych, kt\u00f3rzy pragn\u0105 doda\u0107 elegancji i uroku swojemu sto\u0142owi.","breadcrumb":{"@id":"https:\/\/rad-pol.com.pl\/tkaninydekoracyjne\/obrusy-2\/#breadcrumb"},"inLanguage":"pl-PL","potentialAction":[{"@type":"ReadAction","target":["https:\/\/rad-pol.com.pl\/tkaninydekoracyjne\/obrusy-2\/"]}]},{"@type":"ImageObject","inLanguage":"pl-PL","@id":"https:\/\/rad-pol.com.pl\/tkaninydekoracyjne\/obrusy-2\/#primaryimage","url":"https:\/\/rad-pol.com.pl\/tkaninydekoracyjne\/wp-content\/uploads\/sites\/3\/2024\/05\/julia-obrusy-gipiurowe.jpg","contentUrl":"https:\/\/rad-pol.com.pl\/tkaninydekoracyjne\/wp-content\/uploads\/sites\/3\/2024\/05\/julia-obrusy-gipiurowe.jpg","width":400,"height":400},{"@type":"BreadcrumbList","@id":"https:\/\/rad-pol.com.pl\/tkaninydekoracyjne\/obrusy-2\/#breadcrumb","itemListElement":[{"@type":"ListItem","position":1,"name":"Strona g\u0142\u00f3wna","item":"https:\/\/rad-pol.com.pl\/tkaninydekoracyjne\/"},{"@type":"ListItem","position":2,"name":"Obrusy"}]},{"@type":"WebSite","@id":"https:\/\/rad-pol.com.pl\/tkaninydekoracyjne\/#website","url":"https:\/\/rad-pol.com.pl\/tkaninydekoracyjne\/","name":"Rad-Pol Tkaniny","description":"","publisher":{"@id":"https:\/\/rad-pol.com.pl\/tkaninydekoracyjne\/#organization"},"potentialAction":[{"@type":"SearchAction","target":{"@type":"EntryPoint","urlTemplate":"https:\/\/rad-pol.com.pl\/tkaninydekoracyjne\/?s={search_term_string}"},"query-input":{"@type":"PropertyValueSpecification","valueRequired":true,"valueName":"search_term_string"}}],"inLanguage":"pl-PL"},{"@type":"Organization","@id":"https:\/\/rad-pol.com.pl\/tkaninydekoracyjne\/#organization","name":"Rad-Pol Tkaniny","url":"https:\/\/rad-pol.com.pl\/tkaninydekoracyjne\/","logo":{"@type":"ImageObject","inLanguage":"pl-PL","@id":"https:\/\/rad-pol.com.pl\/tkaninydekoracyjne\/#\/schema\/logo\/image\/","url":"https:\/\/rad-pol.com.pl\/tkaninydekoracyjne\/wp-content\/uploads\/sites\/3\/2024\/04\/RadPol-logo-www.png","contentUrl":"https:\/\/rad-pol.com.pl\/tkaninydekoracyjne\/wp-content\/uploads\/sites\/3\/2024\/04\/RadPol-logo-www.png","width":300,"height":108,"caption":"Rad-Pol Tkaniny"},"image":{"@id":"https:\/\/rad-pol.com.pl\/tkaninydekoracyjne\/#\/schema\/logo\/image\/"},"sameAs":["https:\/\/www.facebook.com\/RadPolTkaniny"]}]}},"_links":{"self":[{"href":"https:\/\/rad-pol.com.pl\/tkaninydekoracyjne\/wp-json\/wp\/v2\/pages\/2468","targetHints":{"allow":["GET"]}}],"collection":[{"href":"https:\/\/rad-pol.com.pl\/tkaninydekoracyjne\/wp-json\/wp\/v2\/pages"}],"about":[{"href":"https:\/\/rad-pol.com.pl\/tkaninydekoracyjne\/wp-json\/wp\/v2\/types\/page"}],"author":[{"embeddable":true,"href":"https:\/\/rad-pol.com.pl\/tkaninydekoracyjne\/wp-json\/wp\/v2\/users\/5"}],"replies":[{"embeddable":true,"href":"https:\/\/rad-pol.com.pl\/tkaninydekoracyjne\/wp-json\/wp\/v2\/comments?post=2468"}],"version-history":[{"count":3,"href":"https:\/\/rad-pol.com.pl\/tkaninydekoracyjne\/wp-json\/wp\/v2\/pages\/2468\/revisions"}],"predecessor-version":[{"id":8764,"href":"https:\/\/rad-pol.com.pl\/tkaninydekoracyjne\/wp-json\/wp\/v2\/pages\/2468\/revisions\/8764"}],"wp:attachment":[{"href":"https:\/\/rad-pol.com.pl\/tkaninydekoracyjne\/wp-json\/wp\/v2\/media?parent=2468"}],"curies":[{"name":"wp","href":"https:\/\/api.w.org\/{rel}","templated":true}]}}