{"id":12124,"date":"2024-09-12T10:13:21","date_gmt":"2024-09-12T08:13:21","guid":{"rendered":"https:\/\/rad-pol.com.pl\/tkaninydekoracyjne\/?post_type=product&#038;p=12124"},"modified":"2025-03-27T10:39:47","modified_gmt":"2025-03-27T09:39:47","slug":"bungalow","status":"publish","type":"product","link":"https:\/\/rad-pol.com.pl\/tkaninydekoracyjne\/produkt\/bungalow\/","title":{"rendered":"Bungalow"},"content":{"rendered":"<h5 data-start=\"0\" data-end=\"62\"><strong data-start=\"4\" data-end=\"60\">BUNGALOW \u2013 naturalna elegancja w nowoczesnym wydaniu<\/strong><\/h5>\n<p class=\"\" data-start=\"64\" data-end=\"508\">Tkanina <strong data-start=\"72\" data-end=\"84\">BUNGALOW<\/strong> to wyj\u0105tkowa propozycja dla mi\u0142o\u015bnik\u00f3w subtelnej elegancji i naturalnych akcent\u00f3w we wn\u0119trzach. Jest to <strong data-start=\"189\" data-end=\"212\">tkanina typu siatka<\/strong> o imponuj\u0105cej <strong data-start=\"227\" data-end=\"248\">szeroko\u015bci 320 cm<\/strong>, jednak daleko jej do klasycznych, jednolitych woali. <strong data-start=\"303\" data-end=\"335\">Jej sekret tkwi w strukturze<\/strong> \u2013 delikatna, lekko transparentna, lecz wzbogacona o <strong data-start=\"388\" data-end=\"416\">wplecion\u0105 nitk\u0119 we\u0142nian\u0105<\/strong>, kt\u00f3ra w niekt\u00f3rych wariantach kolorystycznych nadaje jej <strong data-start=\"475\" data-end=\"505\">dwukolorowy efekt i g\u0142\u0119bi\u0119<\/strong>.<\/p>\n<h5 data-start=\"510\" data-end=\"550\"><strong data-start=\"514\" data-end=\"548\">9 kolor\u00f3w inspirowanych natur\u0105<\/strong><\/h5>\n<p class=\"\" data-start=\"551\" data-end=\"875\">BUNGALOW dost\u0119pna jest w <strong data-start=\"576\" data-end=\"621\">9 starannie dobranych odcieniach<\/strong>, kt\u00f3re idealnie wpisuj\u0105 si\u0119 w najnowsze trendy aran\u017cacyjne. Stonowane, neutralne barwy oraz subtelne melan\u017ce sprawiaj\u0105, \u017ce materia\u0142 doskonale komponuje si\u0119 zar\u00f3wno z wn\u0119trzami <strong data-start=\"798\" data-end=\"814\">nowoczesnymi<\/strong>, jak i <strong data-start=\"822\" data-end=\"830\">boho<\/strong>, <strong data-start=\"832\" data-end=\"850\">skandynawskimi<\/strong> czy <strong data-start=\"855\" data-end=\"872\">eklektycznymi<\/strong>.<\/p>\n<h5 data-start=\"877\" data-end=\"916\"><strong data-start=\"881\" data-end=\"914\">Zastosowanie tkaniny BUNGALOW<\/strong><\/h5>\n<p class=\"\" data-start=\"917\" data-end=\"1299\">Dzi\u0119ki swojej lekko\u015bci i strukturze tkanina BUNGALOW znajduje szerokie zastosowanie w dekoracji okien:<br data-start=\"1019\" data-end=\"1022\" \/>\u2714 <strong data-start=\"1024\" data-end=\"1034\">Firany<\/strong> \u2013 delikatnie rozpraszaj\u0105 \u015bwiat\u0142o, tworz\u0105c przytulny klimat.<br data-start=\"1094\" data-end=\"1097\" \/>\u2714 <strong data-start=\"1099\" data-end=\"1122\">Zas\u0142ony dekoracyjne<\/strong> \u2013 dodaj\u0105 wn\u0119trzom mi\u0119kko\u015bci i elegancji.<br data-start=\"1163\" data-end=\"1166\" \/>\u2714 <strong data-start=\"1168\" data-end=\"1187\">Rolety rzymskie<\/strong> \u2013 doskona\u0142a alternatywa dla klasycznych firan, pozwalaj\u0105 subtelnie kontrolowa\u0107 ilo\u015b\u0107 \u015bwiat\u0142a w pomieszczeniu.<\/p>\n<h5 data-start=\"1301\" data-end=\"1329\"><strong data-start=\"1305\" data-end=\"1327\">Dla jakich wn\u0119trz?<\/strong><\/h5>\n<p class=\"\" data-start=\"1330\" data-end=\"1722\">BUNGALOW to tkanina stworzona dla tych, kt\u00f3rzy ceni\u0105 <strong data-start=\"1383\" data-end=\"1398\">naturalno\u015b\u0107<\/strong>, <strong data-start=\"1400\" data-end=\"1411\">lekko\u015b\u0107<\/strong> i <strong data-start=\"1414\" data-end=\"1437\">ponadczasowy design<\/strong>. Doskonale sprawdzi si\u0119 w <strong data-start=\"1464\" data-end=\"1476\">salonach<\/strong>, <strong data-start=\"1478\" data-end=\"1493\">sypialniach<\/strong>, <strong data-start=\"1495\" data-end=\"1521\">przytulnych jadalniach<\/strong> oraz <strong data-start=\"1527\" data-end=\"1577\">przestrzeniach urz\u0105dzonych w duchu slow living<\/strong>. Jej struktura i kolorystyka sprawiaj\u0105, \u017ce \u015bwietnie komponuje si\u0119 zar\u00f3wno z drewnem, jak i betonem, a tak\u017ce z modnymi tekstyliami w stylu eko.<\/p>\n<p class=\"\" data-start=\"1724\" data-end=\"1801\">Odkryj <strong data-start=\"1731\" data-end=\"1743\">BUNGALOW<\/strong> i pozw\u00f3l swojemu wn\u0119trzu oddycha\u0107 naturalnym pi\u0119knem. \ud83c\udf3f\u2728<\/p>\n","protected":false},"excerpt":{"rendered":"<table>\n<tbody>\n<tr>\n<td>szeroko\u015b\u0107<\/td>\n<td>320<\/td>\n<\/tr>\n<tr>\n<td>zastosowanie<\/td>\n<td>firana<\/td>\n<\/tr>\n<tr>\n<td>wz\u00f3r<\/td>\n<td>g\u0142adka<\/td>\n<\/tr>\n<tr>\n<td>rodzaj tkaniny<\/td>\n<td>siatka<\/td>\n<\/tr>\n<tr>\n<td>sk\u0142ad<\/td>\n<td>100% poliester<\/td>\n<\/tr>\n<tr>\n<td>ilo\u015b\u0107 kolor\u00f3w<\/td>\n<td>9<\/td>\n<\/tr>\n<tr>\n<td>gramatura<\/td>\n<td>246 g\/m2<\/td>\n<\/tr>\n<\/tbody>\n<\/table>\n<p>&nbsp;<\/p>\n<p>&nbsp;<\/p>\n<p>&nbsp;<\/p>\n<div class=\"expandable\">\n<div class=\"ex-header\">\n<div class=\"e-title\"><\/div>\n<\/div>\n<\/div>\n<p><img fetchpriority=\"high\" decoding=\"async\" class=\"alignnone size-full wp-image-1084\" src=\"http:\/\/rad-pol.com.pl\/tkaninydekoracyjne\/wp-content\/uploads\/sites\/3\/2023\/09\/zapraszamy.jpg\" alt=\"\" width=\"568\" height=\"226\" srcset=\"https:\/\/rad-pol.com.pl\/tkaninydekoracyjne\/wp-content\/uploads\/sites\/3\/2023\/09\/zapraszamy.jpg 568w, https:\/\/rad-pol.com.pl\/tkaninydekoracyjne\/wp-content\/uploads\/sites\/3\/2023\/09\/zapraszamy-300x119.jpg 300w, https:\/\/rad-pol.com.pl\/tkaninydekoracyjne\/wp-content\/uploads\/sites\/3\/2023\/09\/zapraszamy-500x199.jpg 500w\" sizes=\"(max-width: 568px) 100vw, 568px\" \/><\/p>\n","protected":false},"featured_media":14693,"comment_status":"open","ping_status":"closed","template":"","meta":[],"product_brand":[],"product_cat":[63,42],"product_tag":[209,335],"class_list":{"0":"post-12124","1":"product","2":"type-product","3":"status-publish","4":"has-post-thumbnail","6":"product_cat-firany","7":"product_cat-nowosc","8":"product_tag-firanowa","9":"product_tag-siatka","11":"first","12":"onbackorder","13":"shipping-taxable","14":"product-type-simple"},"yoast_head":"<!-- This site is optimized with the Yoast SEO plugin v27.3 - https:\/\/yoast.com\/product\/yoast-seo-wordpress\/ -->\n<title>Bungalow - Rad-Pol Tkaniny<\/title>\n<meta name=\"description\" content=\"Tkanina BUNGALOW to wyj\u0105tkowa tkanina typu siatka dla mi\u0142o\u015bnik\u00f3w subtelnej elegancji i naturalnych akcent\u00f3w we wn\u0119trzach. Szeroko\u015b\u0107 tkaniny 320cm.\" \/>\n<meta name=\"robots\" content=\"index, follow, max-snippet:-1, max-image-preview:large, max-video-preview:-1\" \/>\n<link rel=\"canonical\" href=\"https:\/\/rad-pol.com.pl\/tkaninydekoracyjne\/produkt\/bungalow\/\" \/>\n<meta property=\"og:locale\" content=\"pl_PL\" \/>\n<meta property=\"og:type\" content=\"article\" \/>\n<meta property=\"og:title\" content=\"Bungalow - Rad-Pol Tkaniny\" \/>\n<meta property=\"og:description\" content=\"Tkanina BUNGALOW to wyj\u0105tkowa tkanina typu siatka dla mi\u0142o\u015bnik\u00f3w subtelnej elegancji i naturalnych akcent\u00f3w we wn\u0119trzach. Szeroko\u015b\u0107 tkaniny 320cm.\" \/>\n<meta property=\"og:url\" content=\"https:\/\/rad-pol.com.pl\/tkaninydekoracyjne\/produkt\/bungalow\/\" \/>\n<meta property=\"og:site_name\" content=\"Rad-Pol Tkaniny\" \/>\n<meta property=\"article:publisher\" content=\"https:\/\/www.facebook.com\/RadPolTkaniny\" \/>\n<meta property=\"article:modified_time\" content=\"2025-03-27T09:39:47+00:00\" \/>\n<meta property=\"og:image\" content=\"http:\/\/rad-pol.com.pl\/tkaninydekoracyjne\/wp-content\/uploads\/sites\/3\/2024\/09\/1-Bungalow.jpg\" \/>\n\t<meta property=\"og:image:width\" content=\"1600\" \/>\n\t<meta property=\"og:image:height\" content=\"1600\" \/>\n\t<meta property=\"og:image:type\" content=\"image\/jpeg\" \/>\n<meta name=\"twitter:card\" content=\"summary_large_image\" \/>\n<meta name=\"twitter:label1\" content=\"Szacowany czas czytania\" \/>\n\t<meta name=\"twitter:data1\" content=\"2 minuty\" \/>\n<script type=\"application\/ld+json\" class=\"yoast-schema-graph\">{\"@context\":\"https:\\\/\\\/schema.org\",\"@graph\":[{\"@type\":\"WebPage\",\"@id\":\"https:\\\/\\\/rad-pol.com.pl\\\/tkaninydekoracyjne\\\/produkt\\\/bungalow\\\/\",\"url\":\"https:\\\/\\\/rad-pol.com.pl\\\/tkaninydekoracyjne\\\/produkt\\\/bungalow\\\/\",\"name\":\"Bungalow - Rad-Pol Tkaniny\",\"isPartOf\":{\"@id\":\"https:\\\/\\\/rad-pol.com.pl\\\/tkaninydekoracyjne\\\/#website\"},\"primaryImageOfPage\":{\"@id\":\"https:\\\/\\\/rad-pol.com.pl\\\/tkaninydekoracyjne\\\/produkt\\\/bungalow\\\/#primaryimage\"},\"image\":{\"@id\":\"https:\\\/\\\/rad-pol.com.pl\\\/tkaninydekoracyjne\\\/produkt\\\/bungalow\\\/#primaryimage\"},\"thumbnailUrl\":\"https:\\\/\\\/rad-pol.com.pl\\\/tkaninydekoracyjne\\\/wp-content\\\/uploads\\\/sites\\\/3\\\/2024\\\/09\\\/1-Bungalow.jpg\",\"datePublished\":\"2024-09-12T08:13:21+00:00\",\"dateModified\":\"2025-03-27T09:39:47+00:00\",\"description\":\"Tkanina BUNGALOW to wyj\u0105tkowa tkanina typu siatka dla mi\u0142o\u015bnik\u00f3w subtelnej elegancji i naturalnych akcent\u00f3w we wn\u0119trzach. Szeroko\u015b\u0107 tkaniny 320cm.\",\"breadcrumb\":{\"@id\":\"https:\\\/\\\/rad-pol.com.pl\\\/tkaninydekoracyjne\\\/produkt\\\/bungalow\\\/#breadcrumb\"},\"inLanguage\":\"pl-PL\",\"potentialAction\":[{\"@type\":\"ReadAction\",\"target\":[\"https:\\\/\\\/rad-pol.com.pl\\\/tkaninydekoracyjne\\\/produkt\\\/bungalow\\\/\"]}]},{\"@type\":\"ImageObject\",\"inLanguage\":\"pl-PL\",\"@id\":\"https:\\\/\\\/rad-pol.com.pl\\\/tkaninydekoracyjne\\\/produkt\\\/bungalow\\\/#primaryimage\",\"url\":\"https:\\\/\\\/rad-pol.com.pl\\\/tkaninydekoracyjne\\\/wp-content\\\/uploads\\\/sites\\\/3\\\/2024\\\/09\\\/1-Bungalow.jpg\",\"contentUrl\":\"https:\\\/\\\/rad-pol.com.pl\\\/tkaninydekoracyjne\\\/wp-content\\\/uploads\\\/sites\\\/3\\\/2024\\\/09\\\/1-Bungalow.jpg\",\"width\":1600,\"height\":1600},{\"@type\":\"BreadcrumbList\",\"@id\":\"https:\\\/\\\/rad-pol.com.pl\\\/tkaninydekoracyjne\\\/produkt\\\/bungalow\\\/#breadcrumb\",\"itemListElement\":[{\"@type\":\"ListItem\",\"position\":1,\"name\":\"Strona g\u0142\u00f3wna\",\"item\":\"https:\\\/\\\/rad-pol.com.pl\\\/tkaninydekoracyjne\\\/\"},{\"@type\":\"ListItem\",\"position\":2,\"name\":\"Sklep\",\"item\":\"https:\\\/\\\/rad-pol.com.pl\\\/tkaninydekoracyjne\\\/sklep\\\/\"},{\"@type\":\"ListItem\",\"position\":3,\"name\":\"Bungalow\"}]},{\"@type\":\"WebSite\",\"@id\":\"https:\\\/\\\/rad-pol.com.pl\\\/tkaninydekoracyjne\\\/#website\",\"url\":\"https:\\\/\\\/rad-pol.com.pl\\\/tkaninydekoracyjne\\\/\",\"name\":\"Rad-Pol Tkaniny\",\"description\":\"\",\"publisher\":{\"@id\":\"https:\\\/\\\/rad-pol.com.pl\\\/tkaninydekoracyjne\\\/#organization\"},\"potentialAction\":[{\"@type\":\"SearchAction\",\"target\":{\"@type\":\"EntryPoint\",\"urlTemplate\":\"https:\\\/\\\/rad-pol.com.pl\\\/tkaninydekoracyjne\\\/?s={search_term_string}\"},\"query-input\":{\"@type\":\"PropertyValueSpecification\",\"valueRequired\":true,\"valueName\":\"search_term_string\"}}],\"inLanguage\":\"pl-PL\"},{\"@type\":\"Organization\",\"@id\":\"https:\\\/\\\/rad-pol.com.pl\\\/tkaninydekoracyjne\\\/#organization\",\"name\":\"Rad-Pol Tkaniny\",\"url\":\"https:\\\/\\\/rad-pol.com.pl\\\/tkaninydekoracyjne\\\/\",\"logo\":{\"@type\":\"ImageObject\",\"inLanguage\":\"pl-PL\",\"@id\":\"https:\\\/\\\/rad-pol.com.pl\\\/tkaninydekoracyjne\\\/#\\\/schema\\\/logo\\\/image\\\/\",\"url\":\"https:\\\/\\\/rad-pol.com.pl\\\/tkaninydekoracyjne\\\/wp-content\\\/uploads\\\/sites\\\/3\\\/2024\\\/04\\\/RadPol-logo-www.png\",\"contentUrl\":\"https:\\\/\\\/rad-pol.com.pl\\\/tkaninydekoracyjne\\\/wp-content\\\/uploads\\\/sites\\\/3\\\/2024\\\/04\\\/RadPol-logo-www.png\",\"width\":300,\"height\":108,\"caption\":\"Rad-Pol Tkaniny\"},\"image\":{\"@id\":\"https:\\\/\\\/rad-pol.com.pl\\\/tkaninydekoracyjne\\\/#\\\/schema\\\/logo\\\/image\\\/\"},\"sameAs\":[\"https:\\\/\\\/www.facebook.com\\\/RadPolTkaniny\"]}]}<\/script>\n<!-- \/ Yoast SEO plugin. -->","yoast_head_json":{"title":"Bungalow - Rad-Pol Tkaniny","description":"Tkanina BUNGALOW to wyj\u0105tkowa tkanina typu siatka dla mi\u0142o\u015bnik\u00f3w subtelnej elegancji i naturalnych akcent\u00f3w we wn\u0119trzach. Szeroko\u015b\u0107 tkaniny 320cm.","robots":{"index":"index","follow":"follow","max-snippet":"max-snippet:-1","max-image-preview":"max-image-preview:large","max-video-preview":"max-video-preview:-1"},"canonical":"https:\/\/rad-pol.com.pl\/tkaninydekoracyjne\/produkt\/bungalow\/","og_locale":"pl_PL","og_type":"article","og_title":"Bungalow - Rad-Pol Tkaniny","og_description":"Tkanina BUNGALOW to wyj\u0105tkowa tkanina typu siatka dla mi\u0142o\u015bnik\u00f3w subtelnej elegancji i naturalnych akcent\u00f3w we wn\u0119trzach. Szeroko\u015b\u0107 tkaniny 320cm.","og_url":"https:\/\/rad-pol.com.pl\/tkaninydekoracyjne\/produkt\/bungalow\/","og_site_name":"Rad-Pol Tkaniny","article_publisher":"https:\/\/www.facebook.com\/RadPolTkaniny","article_modified_time":"2025-03-27T09:39:47+00:00","og_image":[{"width":1600,"height":1600,"url":"http:\/\/rad-pol.com.pl\/tkaninydekoracyjne\/wp-content\/uploads\/sites\/3\/2024\/09\/1-Bungalow.jpg","type":"image\/jpeg"}],"twitter_card":"summary_large_image","twitter_misc":{"Szacowany czas czytania":"2 minuty"},"schema":{"@context":"https:\/\/schema.org","@graph":[{"@type":"WebPage","@id":"https:\/\/rad-pol.com.pl\/tkaninydekoracyjne\/produkt\/bungalow\/","url":"https:\/\/rad-pol.com.pl\/tkaninydekoracyjne\/produkt\/bungalow\/","name":"Bungalow - Rad-Pol Tkaniny","isPartOf":{"@id":"https:\/\/rad-pol.com.pl\/tkaninydekoracyjne\/#website"},"primaryImageOfPage":{"@id":"https:\/\/rad-pol.com.pl\/tkaninydekoracyjne\/produkt\/bungalow\/#primaryimage"},"image":{"@id":"https:\/\/rad-pol.com.pl\/tkaninydekoracyjne\/produkt\/bungalow\/#primaryimage"},"thumbnailUrl":"https:\/\/rad-pol.com.pl\/tkaninydekoracyjne\/wp-content\/uploads\/sites\/3\/2024\/09\/1-Bungalow.jpg","datePublished":"2024-09-12T08:13:21+00:00","dateModified":"2025-03-27T09:39:47+00:00","description":"Tkanina BUNGALOW to wyj\u0105tkowa tkanina typu siatka dla mi\u0142o\u015bnik\u00f3w subtelnej elegancji i naturalnych akcent\u00f3w we wn\u0119trzach. Szeroko\u015b\u0107 tkaniny 320cm.","breadcrumb":{"@id":"https:\/\/rad-pol.com.pl\/tkaninydekoracyjne\/produkt\/bungalow\/#breadcrumb"},"inLanguage":"pl-PL","potentialAction":[{"@type":"ReadAction","target":["https:\/\/rad-pol.com.pl\/tkaninydekoracyjne\/produkt\/bungalow\/"]}]},{"@type":"ImageObject","inLanguage":"pl-PL","@id":"https:\/\/rad-pol.com.pl\/tkaninydekoracyjne\/produkt\/bungalow\/#primaryimage","url":"https:\/\/rad-pol.com.pl\/tkaninydekoracyjne\/wp-content\/uploads\/sites\/3\/2024\/09\/1-Bungalow.jpg","contentUrl":"https:\/\/rad-pol.com.pl\/tkaninydekoracyjne\/wp-content\/uploads\/sites\/3\/2024\/09\/1-Bungalow.jpg","width":1600,"height":1600},{"@type":"BreadcrumbList","@id":"https:\/\/rad-pol.com.pl\/tkaninydekoracyjne\/produkt\/bungalow\/#breadcrumb","itemListElement":[{"@type":"ListItem","position":1,"name":"Strona g\u0142\u00f3wna","item":"https:\/\/rad-pol.com.pl\/tkaninydekoracyjne\/"},{"@type":"ListItem","position":2,"name":"Sklep","item":"https:\/\/rad-pol.com.pl\/tkaninydekoracyjne\/sklep\/"},{"@type":"ListItem","position":3,"name":"Bungalow"}]},{"@type":"WebSite","@id":"https:\/\/rad-pol.com.pl\/tkaninydekoracyjne\/#website","url":"https:\/\/rad-pol.com.pl\/tkaninydekoracyjne\/","name":"Rad-Pol Tkaniny","description":"","publisher":{"@id":"https:\/\/rad-pol.com.pl\/tkaninydekoracyjne\/#organization"},"potentialAction":[{"@type":"SearchAction","target":{"@type":"EntryPoint","urlTemplate":"https:\/\/rad-pol.com.pl\/tkaninydekoracyjne\/?s={search_term_string}"},"query-input":{"@type":"PropertyValueSpecification","valueRequired":true,"valueName":"search_term_string"}}],"inLanguage":"pl-PL"},{"@type":"Organization","@id":"https:\/\/rad-pol.com.pl\/tkaninydekoracyjne\/#organization","name":"Rad-Pol Tkaniny","url":"https:\/\/rad-pol.com.pl\/tkaninydekoracyjne\/","logo":{"@type":"ImageObject","inLanguage":"pl-PL","@id":"https:\/\/rad-pol.com.pl\/tkaninydekoracyjne\/#\/schema\/logo\/image\/","url":"https:\/\/rad-pol.com.pl\/tkaninydekoracyjne\/wp-content\/uploads\/sites\/3\/2024\/04\/RadPol-logo-www.png","contentUrl":"https:\/\/rad-pol.com.pl\/tkaninydekoracyjne\/wp-content\/uploads\/sites\/3\/2024\/04\/RadPol-logo-www.png","width":300,"height":108,"caption":"Rad-Pol Tkaniny"},"image":{"@id":"https:\/\/rad-pol.com.pl\/tkaninydekoracyjne\/#\/schema\/logo\/image\/"},"sameAs":["https:\/\/www.facebook.com\/RadPolTkaniny"]}]}},"_links":{"self":[{"href":"https:\/\/rad-pol.com.pl\/tkaninydekoracyjne\/wp-json\/wp\/v2\/product\/12124","targetHints":{"allow":["GET"]}}],"collection":[{"href":"https:\/\/rad-pol.com.pl\/tkaninydekoracyjne\/wp-json\/wp\/v2\/product"}],"about":[{"href":"https:\/\/rad-pol.com.pl\/tkaninydekoracyjne\/wp-json\/wp\/v2\/types\/product"}],"replies":[{"embeddable":true,"href":"https:\/\/rad-pol.com.pl\/tkaninydekoracyjne\/wp-json\/wp\/v2\/comments?post=12124"}],"version-history":[{"count":3,"href":"https:\/\/rad-pol.com.pl\/tkaninydekoracyjne\/wp-json\/wp\/v2\/product\/12124\/revisions"}],"predecessor-version":[{"id":14703,"href":"https:\/\/rad-pol.com.pl\/tkaninydekoracyjne\/wp-json\/wp\/v2\/product\/12124\/revisions\/14703"}],"wp:featuredmedia":[{"embeddable":true,"href":"https:\/\/rad-pol.com.pl\/tkaninydekoracyjne\/wp-json\/wp\/v2\/media\/14693"}],"wp:attachment":[{"href":"https:\/\/rad-pol.com.pl\/tkaninydekoracyjne\/wp-json\/wp\/v2\/media?parent=12124"}],"wp:term":[{"taxonomy":"product_brand","embeddable":true,"href":"https:\/\/rad-pol.com.pl\/tkaninydekoracyjne\/wp-json\/wp\/v2\/product_brand?post=12124"},{"taxonomy":"product_cat","embeddable":true,"href":"https:\/\/rad-pol.com.pl\/tkaninydekoracyjne\/wp-json\/wp\/v2\/product_cat?post=12124"},{"taxonomy":"product_tag","embeddable":true,"href":"https:\/\/rad-pol.com.pl\/tkaninydekoracyjne\/wp-json\/wp\/v2\/product_tag?post=12124"}],"curies":[{"name":"wp","href":"https:\/\/api.w.org\/{rel}","templated":true}]}}