{"id":3064,"date":"2024-03-11T09:08:32","date_gmt":"2024-03-11T08:08:32","guid":{"rendered":"https:\/\/rad-pol.com.pl\/tkaninydekoracyjne\/?post_type=product&#038;p=3064"},"modified":"2024-09-15T11:33:53","modified_gmt":"2024-09-15T09:33:53","slug":"leyte","status":"publish","type":"product","link":"https:\/\/rad-pol.com.pl\/tkaninydekoracyjne\/produkt\/leyte\/","title":{"rendered":"Luar"},"content":{"rendered":"<div class=\"left-row\">\n<div class=\"sub-fabric\">\n<div class=\"sub-text\">\n<div class=\"left-row\">\n<div class=\"sub-fabric\">\n<div class=\"sub-text\">\n<div class=\"left-row\">\n<div class=\"sub-fabric\">\n<div class=\"sub-text\">\n<div class=\"left-row\">\n<div class=\"sub-fabric\">\n<div class=\"sub-text\"><\/div>\n<\/div>\n<\/div>\n<div class=\"right-col\">\n<div class=\"expandable\">\n<div class=\"ex-header\">\n<div class=\"e-title\">\n<p>LUAR zachwyca nowoczesnymi malowanymi p\u0119dzlem li\u015b\u0107mi, kt\u00f3re dodaj\u0105 charakteru ka\u017cdemu wn\u0119trzu. Te artystyczne desenie wprowadz\u0105 \u015bwie\u017cy i elegancki akcent do Twojego domu.\u00a0 Dzi\u0119ki wyj\u0105tkowemu po\u0142\u0105czeniu nowoczesnych wzor\u00f3w i eleganckich kolor\u00f3w, tkanina LUAR doskonale wpisuje si\u0119 w najnowsze trendy w dekoracji wn\u0119trz.<\/p>\n<p>Dlaczego warto wybra\u0107 tkanin\u0119 LUAR?<\/p>\n<ol>\n<li>Elegancki wygl\u0105d \u2013 Wykonana w 65% z bawe\u0142ny, tkanina LUAR zapewnia elegancki wygl\u0105d ka\u017cdej dekoracji. Jej naturalny sk\u0142ad sprawia, \u017ce doskonale komponuje si\u0119 z r\u00f3\u017cnymi stylami aran\u017cacyjnymi.<\/li>\n<li>Wszechstronno\u015b\u0107 zastosowania \u2013 Idealna do zas\u0142on i rolet, LUAR jest r\u00f3wnie\u017c \u015bwietnym wyborem do obicia mebli, tworzenia poduszek dekoracyjnych oraz puf. Jej wysoka odporno\u015b\u0107 na \u015bcieranie sprawia, \u017ce sprawdzi si\u0119 w intensywnie u\u017cytkowanych przestrzeniach.<\/li>\n<li>Paleta kolor\u00f3w \u2013 Kolekcja LUAR oferuje szeroki wyb\u00f3r nowoczesnych kolor\u00f3w, kt\u00f3re pozwol\u0105 na stworzenie sp\u00f3jnych i eleganckich aran\u017cacji.<\/li>\n<\/ol>\n<p>Dodaj nowoczesny i elegancki akcent do swojego wn\u0119trza z tkanin\u0105 LUAR, idealn\u0105 do r\u00f3\u017cnych zastosowa\u0144 dekoracyjnych.<\/p>\n<\/div>\n<\/div>\n<\/div>\n<\/div>\n<\/div>\n<\/div>\n<\/div>\n<\/div>\n<\/div>\n<\/div>\n<\/div>\n<\/div>\n<\/div>\n<div class=\"right-col\">\n<div class=\"expandable\">\n<div class=\"ex-header\">\n<div class=\"e-title\"><\/div>\n<\/div>\n<\/div>\n<\/div>\n<p style=\"text-align: left\">Dost\u0119pne kolory:<\/p>\n<p>&nbsp;<\/p>\n<table>\n<tbody>\n<tr>\n<td><img fetchpriority=\"high\" decoding=\"async\" class=\"alignnone size-medium wp-image-3072\" src=\"http:\/\/rad-pol.com.pl\/tkaninydekoracyjne\/wp-content\/uploads\/sites\/3\/2024\/03\/Luar-12.Terracot-300x300.jpeg\" alt=\"Luar - 12.Terracot\" width=\"300\" height=\"300\" srcset=\"https:\/\/rad-pol.com.pl\/tkaninydekoracyjne\/wp-content\/uploads\/sites\/3\/2024\/03\/Luar-12.Terracot-300x300.jpeg 300w, https:\/\/rad-pol.com.pl\/tkaninydekoracyjne\/wp-content\/uploads\/sites\/3\/2024\/03\/Luar-12.Terracot-150x150.jpeg 150w, https:\/\/rad-pol.com.pl\/tkaninydekoracyjne\/wp-content\/uploads\/sites\/3\/2024\/03\/Luar-12.Terracot-100x100.jpeg 100w, https:\/\/rad-pol.com.pl\/tkaninydekoracyjne\/wp-content\/uploads\/sites\/3\/2024\/03\/Luar-12.Terracot.jpeg 600w\" sizes=\"(max-width: 300px) 100vw, 300px\" \/><\/td>\n<td><img decoding=\"async\" class=\"alignnone size-medium wp-image-3075\" src=\"http:\/\/rad-pol.com.pl\/tkaninydekoracyjne\/wp-content\/uploads\/sites\/3\/2024\/03\/Luar-91.Grey_-300x300.jpeg\" alt=\"Luar - 91.Grey\" width=\"300\" height=\"300\" srcset=\"https:\/\/rad-pol.com.pl\/tkaninydekoracyjne\/wp-content\/uploads\/sites\/3\/2024\/03\/Luar-91.Grey_-300x300.jpeg 300w, https:\/\/rad-pol.com.pl\/tkaninydekoracyjne\/wp-content\/uploads\/sites\/3\/2024\/03\/Luar-91.Grey_-150x150.jpeg 150w, https:\/\/rad-pol.com.pl\/tkaninydekoracyjne\/wp-content\/uploads\/sites\/3\/2024\/03\/Luar-91.Grey_-100x100.jpeg 100w, https:\/\/rad-pol.com.pl\/tkaninydekoracyjne\/wp-content\/uploads\/sites\/3\/2024\/03\/Luar-91.Grey_.jpeg 600w\" sizes=\"(max-width: 300px) 100vw, 300px\" \/><\/td>\n<td><img decoding=\"async\" class=\"alignnone size-medium wp-image-3073\" src=\"http:\/\/rad-pol.com.pl\/tkaninydekoracyjne\/wp-content\/uploads\/sites\/3\/2024\/03\/Luar-30.Beige_-300x300.jpeg\" alt=\"Luar - 30.Beige\" width=\"300\" height=\"300\" srcset=\"https:\/\/rad-pol.com.pl\/tkaninydekoracyjne\/wp-content\/uploads\/sites\/3\/2024\/03\/Luar-30.Beige_-300x300.jpeg 300w, https:\/\/rad-pol.com.pl\/tkaninydekoracyjne\/wp-content\/uploads\/sites\/3\/2024\/03\/Luar-30.Beige_-150x150.jpeg 150w, https:\/\/rad-pol.com.pl\/tkaninydekoracyjne\/wp-content\/uploads\/sites\/3\/2024\/03\/Luar-30.Beige_-100x100.jpeg 100w, https:\/\/rad-pol.com.pl\/tkaninydekoracyjne\/wp-content\/uploads\/sites\/3\/2024\/03\/Luar-30.Beige_.jpeg 600w\" sizes=\"(max-width: 300px) 100vw, 300px\" \/><\/td>\n<\/tr>\n<tr>\n<td>Luar &#8211; 12.Terracot<\/td>\n<td>Luar &#8211; 91.Grey<\/td>\n<td>Luar &#8211; 30.Beige<\/td>\n<\/tr>\n<\/tbody>\n<\/table>\n","protected":false},"excerpt":{"rendered":"<table>\n<tbody>\n<tr>\n<td>szeroko\u015b\u0107<\/td>\n<td>280<\/td>\n<\/tr>\n<tr>\n<td>zastosowanie<\/td>\n<td>zas\u0142onowa, dekoracyjna, obiciowa<\/td>\n<\/tr>\n<tr>\n<td>wz\u00f3r<\/td>\n<td>ro\u015blinny<\/td>\n<\/tr>\n<tr>\n<td>rodzaj tkaniny<\/td>\n<td>drukowane p\u0142\u00f3tno<\/td>\n<\/tr>\n<tr>\n<td>sk\u0142ad<\/td>\n<td>65% bawe\u0142na, 35% poliester<\/td>\n<\/tr>\n<tr>\n<td>ilo\u015b\u0107 kolor\u00f3w<\/td>\n<td>3<\/td>\n<\/tr>\n<tr>\n<td>gramatura<\/td>\n<td>235 g\/m2<\/td>\n<\/tr>\n<tr>\n<td>\u015bcieralno\u015b\u0107 (martindale)<\/td>\n<td>80000<\/td>\n<\/tr>\n<tr>\n<td>raport szer.\/wys.<\/td>\n<td>63 cm \/ 67,8 cm<\/td>\n<\/tr>\n<tr>\n<td>kod art.<\/td>\n<td id=\"kod_art_val\">A-30.Beige<\/td>\n<\/tr>\n<\/tbody>\n<\/table>\n<p>Pranie i czyszczenie:<\/p>\n<table>\n<tbody>\n<tr>\n<td><img decoding=\"async\" src=\"http:\/\/rad-pol.com.pl\/tkaninydekoracyjne\/wp-content\/uploads\/sites\/3\/2024\/05\/mozna-prac.png\" alt=\"mo\u017cna czy\u015bci\u0107 chemicznie\" \/><\/td>\n<td>mo\u017cna czy\u015bci\u0107 chemicznie<\/td>\n<\/tr>\n<tr>\n<td><img decoding=\"async\" src=\"http:\/\/rad-pol.com.pl\/tkaninydekoracyjne\/wp-content\/uploads\/sites\/3\/2024\/09\/etykieta-7256.png\" alt=\"pranie w temperaturze 30\u00b0C\" \/><\/td>\n<td>pranie w temperaturze 30\u00b0C<\/td>\n<\/tr>\n<tr>\n<td><img decoding=\"async\" src=\"http:\/\/rad-pol.com.pl\/tkaninydekoracyjne\/wp-content\/uploads\/sites\/3\/2024\/09\/etykieta-10519.png\" alt=\"prasowanie w temperaturze do 110 \u00b0C\" \/><\/td>\n<td>prasowanie w temperaturze do 110 \u00b0C<\/td>\n<\/tr>\n<\/tbody>\n<\/table>\n<p><img loading=\"lazy\" decoding=\"async\" class=\"alignnone size-full wp-image-1084\" src=\"http:\/\/rad-pol.com.pl\/tkaninydekoracyjne\/wp-content\/uploads\/sites\/3\/2023\/09\/zapraszamy.jpg\" alt=\"\" width=\"568\" height=\"226\" srcset=\"https:\/\/rad-pol.com.pl\/tkaninydekoracyjne\/wp-content\/uploads\/sites\/3\/2023\/09\/zapraszamy.jpg 568w, https:\/\/rad-pol.com.pl\/tkaninydekoracyjne\/wp-content\/uploads\/sites\/3\/2023\/09\/zapraszamy-300x119.jpg 300w, https:\/\/rad-pol.com.pl\/tkaninydekoracyjne\/wp-content\/uploads\/sites\/3\/2023\/09\/zapraszamy-500x199.jpg 500w\" sizes=\"(max-width: 568px) 100vw, 568px\" \/><\/p>\n","protected":false},"featured_media":3073,"comment_status":"open","ping_status":"closed","template":"","meta":[],"product_brand":[],"product_cat":[164,42,19,46],"product_tag":[147,222,237],"class_list":{"0":"post-3064","1":"product","2":"type-product","3":"status-publish","4":"has-post-thumbnail","6":"product_cat-bawelna","7":"product_cat-nowosc","8":"product_cat-obiciowe","9":"product_cat-zaslonowe","10":"product_tag-bawelna","11":"product_tag-liscie","12":"product_tag-wzorzysta","14":"first","15":"onbackorder","16":"shipping-taxable","17":"product-type-simple"},"yoast_head":"<!-- This site is optimized with the Yoast SEO plugin v27.2 - https:\/\/yoast.com\/product\/yoast-seo-wordpress\/ -->\n<title>Luar - Rad-Pol Tkaniny<\/title>\n<meta name=\"description\" content=\"LUAR zachwyca nowoczesnymi malowanymi p\u0119dzlem li\u015b\u0107mi, kt\u00f3re dodaj\u0105 charakteru ka\u017cdemu wn\u0119trzu. Te artystyczne desenie wprowadz\u0105 \u015bwie\u017cy i elegancki akcent do Twojego domu.\u00a0 Dzi\u0119ki wyj\u0105tkowemu po\u0142\u0105czeniu nowoczesnych wzor\u00f3w i eleganckich kolor\u00f3w, tkanina LUAR doskonale wpisuje si\u0119 w najnowsze trendy w dekoracji wn\u0119trz.\" \/>\n<meta name=\"robots\" content=\"index, follow, max-snippet:-1, max-image-preview:large, max-video-preview:-1\" \/>\n<link rel=\"canonical\" href=\"https:\/\/rad-pol.com.pl\/tkaninydekoracyjne\/produkt\/leyte\/\" \/>\n<meta property=\"og:locale\" content=\"pl_PL\" \/>\n<meta property=\"og:type\" content=\"article\" \/>\n<meta property=\"og:title\" content=\"Luar - Rad-Pol Tkaniny\" \/>\n<meta property=\"og:description\" content=\"LUAR zachwyca nowoczesnymi malowanymi p\u0119dzlem li\u015b\u0107mi, kt\u00f3re dodaj\u0105 charakteru ka\u017cdemu wn\u0119trzu. Te artystyczne desenie wprowadz\u0105 \u015bwie\u017cy i elegancki akcent do Twojego domu.\u00a0 Dzi\u0119ki wyj\u0105tkowemu po\u0142\u0105czeniu nowoczesnych wzor\u00f3w i eleganckich kolor\u00f3w, tkanina LUAR doskonale wpisuje si\u0119 w najnowsze trendy w dekoracji wn\u0119trz.\" \/>\n<meta property=\"og:url\" content=\"https:\/\/rad-pol.com.pl\/tkaninydekoracyjne\/produkt\/leyte\/\" \/>\n<meta property=\"og:site_name\" content=\"Rad-Pol Tkaniny\" \/>\n<meta property=\"article:publisher\" content=\"https:\/\/www.facebook.com\/RadPolTkaniny\" \/>\n<meta property=\"article:modified_time\" content=\"2024-09-15T09:33:53+00:00\" \/>\n<meta property=\"og:image\" content=\"http:\/\/rad-pol.com.pl\/tkaninydekoracyjne\/wp-content\/uploads\/sites\/3\/2024\/03\/Luar-30.Beige_.jpeg\" \/>\n\t<meta property=\"og:image:width\" content=\"600\" \/>\n\t<meta property=\"og:image:height\" content=\"600\" \/>\n\t<meta property=\"og:image:type\" content=\"image\/jpeg\" \/>\n<meta name=\"twitter:card\" content=\"summary_large_image\" \/>\n<meta name=\"twitter:label1\" content=\"Szacowany czas czytania\" \/>\n\t<meta name=\"twitter:data1\" content=\"2 minuty\" \/>\n<script type=\"application\/ld+json\" class=\"yoast-schema-graph\">{\"@context\":\"https:\/\/schema.org\",\"@graph\":[{\"@type\":\"WebPage\",\"@id\":\"https:\/\/rad-pol.com.pl\/tkaninydekoracyjne\/produkt\/leyte\/\",\"url\":\"https:\/\/rad-pol.com.pl\/tkaninydekoracyjne\/produkt\/leyte\/\",\"name\":\"Luar - Rad-Pol Tkaniny\",\"isPartOf\":{\"@id\":\"https:\/\/rad-pol.com.pl\/tkaninydekoracyjne\/#website\"},\"primaryImageOfPage\":{\"@id\":\"https:\/\/rad-pol.com.pl\/tkaninydekoracyjne\/produkt\/leyte\/#primaryimage\"},\"image\":{\"@id\":\"https:\/\/rad-pol.com.pl\/tkaninydekoracyjne\/produkt\/leyte\/#primaryimage\"},\"thumbnailUrl\":\"https:\/\/rad-pol.com.pl\/tkaninydekoracyjne\/wp-content\/uploads\/sites\/3\/2024\/03\/Luar-30.Beige_.jpeg\",\"datePublished\":\"2024-03-11T08:08:32+00:00\",\"dateModified\":\"2024-09-15T09:33:53+00:00\",\"description\":\"LUAR zachwyca nowoczesnymi malowanymi p\u0119dzlem li\u015b\u0107mi, kt\u00f3re dodaj\u0105 charakteru ka\u017cdemu wn\u0119trzu. Te artystyczne desenie wprowadz\u0105 \u015bwie\u017cy i elegancki akcent do Twojego domu.\u00a0 Dzi\u0119ki wyj\u0105tkowemu po\u0142\u0105czeniu nowoczesnych wzor\u00f3w i eleganckich kolor\u00f3w, tkanina LUAR doskonale wpisuje si\u0119 w najnowsze trendy w dekoracji wn\u0119trz.\",\"breadcrumb\":{\"@id\":\"https:\/\/rad-pol.com.pl\/tkaninydekoracyjne\/produkt\/leyte\/#breadcrumb\"},\"inLanguage\":\"pl-PL\",\"potentialAction\":[{\"@type\":\"ReadAction\",\"target\":[\"https:\/\/rad-pol.com.pl\/tkaninydekoracyjne\/produkt\/leyte\/\"]}]},{\"@type\":\"ImageObject\",\"inLanguage\":\"pl-PL\",\"@id\":\"https:\/\/rad-pol.com.pl\/tkaninydekoracyjne\/produkt\/leyte\/#primaryimage\",\"url\":\"https:\/\/rad-pol.com.pl\/tkaninydekoracyjne\/wp-content\/uploads\/sites\/3\/2024\/03\/Luar-30.Beige_.jpeg\",\"contentUrl\":\"https:\/\/rad-pol.com.pl\/tkaninydekoracyjne\/wp-content\/uploads\/sites\/3\/2024\/03\/Luar-30.Beige_.jpeg\",\"width\":600,\"height\":600,\"caption\":\"Luar - 30.Beige\"},{\"@type\":\"BreadcrumbList\",\"@id\":\"https:\/\/rad-pol.com.pl\/tkaninydekoracyjne\/produkt\/leyte\/#breadcrumb\",\"itemListElement\":[{\"@type\":\"ListItem\",\"position\":1,\"name\":\"Strona g\u0142\u00f3wna\",\"item\":\"https:\/\/rad-pol.com.pl\/tkaninydekoracyjne\/\"},{\"@type\":\"ListItem\",\"position\":2,\"name\":\"Sklep\",\"item\":\"https:\/\/rad-pol.com.pl\/tkaninydekoracyjne\/sklep\/\"},{\"@type\":\"ListItem\",\"position\":3,\"name\":\"Luar\"}]},{\"@type\":\"WebSite\",\"@id\":\"https:\/\/rad-pol.com.pl\/tkaninydekoracyjne\/#website\",\"url\":\"https:\/\/rad-pol.com.pl\/tkaninydekoracyjne\/\",\"name\":\"Rad-Pol Tkaniny\",\"description\":\"\",\"publisher\":{\"@id\":\"https:\/\/rad-pol.com.pl\/tkaninydekoracyjne\/#organization\"},\"potentialAction\":[{\"@type\":\"SearchAction\",\"target\":{\"@type\":\"EntryPoint\",\"urlTemplate\":\"https:\/\/rad-pol.com.pl\/tkaninydekoracyjne\/?s={search_term_string}\"},\"query-input\":{\"@type\":\"PropertyValueSpecification\",\"valueRequired\":true,\"valueName\":\"search_term_string\"}}],\"inLanguage\":\"pl-PL\"},{\"@type\":\"Organization\",\"@id\":\"https:\/\/rad-pol.com.pl\/tkaninydekoracyjne\/#organization\",\"name\":\"Rad-Pol Tkaniny\",\"url\":\"https:\/\/rad-pol.com.pl\/tkaninydekoracyjne\/\",\"logo\":{\"@type\":\"ImageObject\",\"inLanguage\":\"pl-PL\",\"@id\":\"https:\/\/rad-pol.com.pl\/tkaninydekoracyjne\/#\/schema\/logo\/image\/\",\"url\":\"https:\/\/rad-pol.com.pl\/tkaninydekoracyjne\/wp-content\/uploads\/sites\/3\/2024\/04\/RadPol-logo-www.png\",\"contentUrl\":\"https:\/\/rad-pol.com.pl\/tkaninydekoracyjne\/wp-content\/uploads\/sites\/3\/2024\/04\/RadPol-logo-www.png\",\"width\":300,\"height\":108,\"caption\":\"Rad-Pol Tkaniny\"},\"image\":{\"@id\":\"https:\/\/rad-pol.com.pl\/tkaninydekoracyjne\/#\/schema\/logo\/image\/\"},\"sameAs\":[\"https:\/\/www.facebook.com\/RadPolTkaniny\"]}]}<\/script>\n<!-- \/ Yoast SEO plugin. -->","yoast_head_json":{"title":"Luar - Rad-Pol Tkaniny","description":"LUAR zachwyca nowoczesnymi malowanymi p\u0119dzlem li\u015b\u0107mi, kt\u00f3re dodaj\u0105 charakteru ka\u017cdemu wn\u0119trzu. Te artystyczne desenie wprowadz\u0105 \u015bwie\u017cy i elegancki akcent do Twojego domu.\u00a0 Dzi\u0119ki wyj\u0105tkowemu po\u0142\u0105czeniu nowoczesnych wzor\u00f3w i eleganckich kolor\u00f3w, tkanina LUAR doskonale wpisuje si\u0119 w najnowsze trendy w dekoracji wn\u0119trz.","robots":{"index":"index","follow":"follow","max-snippet":"max-snippet:-1","max-image-preview":"max-image-preview:large","max-video-preview":"max-video-preview:-1"},"canonical":"https:\/\/rad-pol.com.pl\/tkaninydekoracyjne\/produkt\/leyte\/","og_locale":"pl_PL","og_type":"article","og_title":"Luar - Rad-Pol Tkaniny","og_description":"LUAR zachwyca nowoczesnymi malowanymi p\u0119dzlem li\u015b\u0107mi, kt\u00f3re dodaj\u0105 charakteru ka\u017cdemu wn\u0119trzu. Te artystyczne desenie wprowadz\u0105 \u015bwie\u017cy i elegancki akcent do Twojego domu.\u00a0 Dzi\u0119ki wyj\u0105tkowemu po\u0142\u0105czeniu nowoczesnych wzor\u00f3w i eleganckich kolor\u00f3w, tkanina LUAR doskonale wpisuje si\u0119 w najnowsze trendy w dekoracji wn\u0119trz.","og_url":"https:\/\/rad-pol.com.pl\/tkaninydekoracyjne\/produkt\/leyte\/","og_site_name":"Rad-Pol Tkaniny","article_publisher":"https:\/\/www.facebook.com\/RadPolTkaniny","article_modified_time":"2024-09-15T09:33:53+00:00","og_image":[{"width":600,"height":600,"url":"http:\/\/rad-pol.com.pl\/tkaninydekoracyjne\/wp-content\/uploads\/sites\/3\/2024\/03\/Luar-30.Beige_.jpeg","type":"image\/jpeg"}],"twitter_card":"summary_large_image","twitter_misc":{"Szacowany czas czytania":"2 minuty"},"schema":{"@context":"https:\/\/schema.org","@graph":[{"@type":"WebPage","@id":"https:\/\/rad-pol.com.pl\/tkaninydekoracyjne\/produkt\/leyte\/","url":"https:\/\/rad-pol.com.pl\/tkaninydekoracyjne\/produkt\/leyte\/","name":"Luar - Rad-Pol Tkaniny","isPartOf":{"@id":"https:\/\/rad-pol.com.pl\/tkaninydekoracyjne\/#website"},"primaryImageOfPage":{"@id":"https:\/\/rad-pol.com.pl\/tkaninydekoracyjne\/produkt\/leyte\/#primaryimage"},"image":{"@id":"https:\/\/rad-pol.com.pl\/tkaninydekoracyjne\/produkt\/leyte\/#primaryimage"},"thumbnailUrl":"https:\/\/rad-pol.com.pl\/tkaninydekoracyjne\/wp-content\/uploads\/sites\/3\/2024\/03\/Luar-30.Beige_.jpeg","datePublished":"2024-03-11T08:08:32+00:00","dateModified":"2024-09-15T09:33:53+00:00","description":"LUAR zachwyca nowoczesnymi malowanymi p\u0119dzlem li\u015b\u0107mi, kt\u00f3re dodaj\u0105 charakteru ka\u017cdemu wn\u0119trzu. Te artystyczne desenie wprowadz\u0105 \u015bwie\u017cy i elegancki akcent do Twojego domu.\u00a0 Dzi\u0119ki wyj\u0105tkowemu po\u0142\u0105czeniu nowoczesnych wzor\u00f3w i eleganckich kolor\u00f3w, tkanina LUAR doskonale wpisuje si\u0119 w najnowsze trendy w dekoracji wn\u0119trz.","breadcrumb":{"@id":"https:\/\/rad-pol.com.pl\/tkaninydekoracyjne\/produkt\/leyte\/#breadcrumb"},"inLanguage":"pl-PL","potentialAction":[{"@type":"ReadAction","target":["https:\/\/rad-pol.com.pl\/tkaninydekoracyjne\/produkt\/leyte\/"]}]},{"@type":"ImageObject","inLanguage":"pl-PL","@id":"https:\/\/rad-pol.com.pl\/tkaninydekoracyjne\/produkt\/leyte\/#primaryimage","url":"https:\/\/rad-pol.com.pl\/tkaninydekoracyjne\/wp-content\/uploads\/sites\/3\/2024\/03\/Luar-30.Beige_.jpeg","contentUrl":"https:\/\/rad-pol.com.pl\/tkaninydekoracyjne\/wp-content\/uploads\/sites\/3\/2024\/03\/Luar-30.Beige_.jpeg","width":600,"height":600,"caption":"Luar - 30.Beige"},{"@type":"BreadcrumbList","@id":"https:\/\/rad-pol.com.pl\/tkaninydekoracyjne\/produkt\/leyte\/#breadcrumb","itemListElement":[{"@type":"ListItem","position":1,"name":"Strona g\u0142\u00f3wna","item":"https:\/\/rad-pol.com.pl\/tkaninydekoracyjne\/"},{"@type":"ListItem","position":2,"name":"Sklep","item":"https:\/\/rad-pol.com.pl\/tkaninydekoracyjne\/sklep\/"},{"@type":"ListItem","position":3,"name":"Luar"}]},{"@type":"WebSite","@id":"https:\/\/rad-pol.com.pl\/tkaninydekoracyjne\/#website","url":"https:\/\/rad-pol.com.pl\/tkaninydekoracyjne\/","name":"Rad-Pol Tkaniny","description":"","publisher":{"@id":"https:\/\/rad-pol.com.pl\/tkaninydekoracyjne\/#organization"},"potentialAction":[{"@type":"SearchAction","target":{"@type":"EntryPoint","urlTemplate":"https:\/\/rad-pol.com.pl\/tkaninydekoracyjne\/?s={search_term_string}"},"query-input":{"@type":"PropertyValueSpecification","valueRequired":true,"valueName":"search_term_string"}}],"inLanguage":"pl-PL"},{"@type":"Organization","@id":"https:\/\/rad-pol.com.pl\/tkaninydekoracyjne\/#organization","name":"Rad-Pol Tkaniny","url":"https:\/\/rad-pol.com.pl\/tkaninydekoracyjne\/","logo":{"@type":"ImageObject","inLanguage":"pl-PL","@id":"https:\/\/rad-pol.com.pl\/tkaninydekoracyjne\/#\/schema\/logo\/image\/","url":"https:\/\/rad-pol.com.pl\/tkaninydekoracyjne\/wp-content\/uploads\/sites\/3\/2024\/04\/RadPol-logo-www.png","contentUrl":"https:\/\/rad-pol.com.pl\/tkaninydekoracyjne\/wp-content\/uploads\/sites\/3\/2024\/04\/RadPol-logo-www.png","width":300,"height":108,"caption":"Rad-Pol Tkaniny"},"image":{"@id":"https:\/\/rad-pol.com.pl\/tkaninydekoracyjne\/#\/schema\/logo\/image\/"},"sameAs":["https:\/\/www.facebook.com\/RadPolTkaniny"]}]}},"_links":{"self":[{"href":"https:\/\/rad-pol.com.pl\/tkaninydekoracyjne\/wp-json\/wp\/v2\/product\/3064","targetHints":{"allow":["GET"]}}],"collection":[{"href":"https:\/\/rad-pol.com.pl\/tkaninydekoracyjne\/wp-json\/wp\/v2\/product"}],"about":[{"href":"https:\/\/rad-pol.com.pl\/tkaninydekoracyjne\/wp-json\/wp\/v2\/types\/product"}],"replies":[{"embeddable":true,"href":"https:\/\/rad-pol.com.pl\/tkaninydekoracyjne\/wp-json\/wp\/v2\/comments?post=3064"}],"version-history":[{"count":3,"href":"https:\/\/rad-pol.com.pl\/tkaninydekoracyjne\/wp-json\/wp\/v2\/product\/3064\/revisions"}],"predecessor-version":[{"id":12476,"href":"https:\/\/rad-pol.com.pl\/tkaninydekoracyjne\/wp-json\/wp\/v2\/product\/3064\/revisions\/12476"}],"wp:featuredmedia":[{"embeddable":true,"href":"https:\/\/rad-pol.com.pl\/tkaninydekoracyjne\/wp-json\/wp\/v2\/media\/3073"}],"wp:attachment":[{"href":"https:\/\/rad-pol.com.pl\/tkaninydekoracyjne\/wp-json\/wp\/v2\/media?parent=3064"}],"wp:term":[{"taxonomy":"product_brand","embeddable":true,"href":"https:\/\/rad-pol.com.pl\/tkaninydekoracyjne\/wp-json\/wp\/v2\/product_brand?post=3064"},{"taxonomy":"product_cat","embeddable":true,"href":"https:\/\/rad-pol.com.pl\/tkaninydekoracyjne\/wp-json\/wp\/v2\/product_cat?post=3064"},{"taxonomy":"product_tag","embeddable":true,"href":"https:\/\/rad-pol.com.pl\/tkaninydekoracyjne\/wp-json\/wp\/v2\/product_tag?post=3064"}],"curies":[{"name":"wp","href":"https:\/\/api.w.org\/{rel}","templated":true}]}}