{"id":9203,"date":"2024-08-02T14:15:12","date_gmt":"2024-08-02T12:15:12","guid":{"rendered":"https:\/\/rad-pol.com.pl\/tkaninydekoracyjne\/?post_type=product&#038;p=9203"},"modified":"2025-10-01T12:07:12","modified_gmt":"2025-10-01T10:07:12","slug":"venice","status":"publish","type":"product","link":"https:\/\/rad-pol.com.pl\/tkaninydekoracyjne\/produkt\/venice\/","title":{"rendered":"Venice"},"content":{"rendered":"<p>Tkanina <strong>VENICE<\/strong> to wyj\u0105tkowy materia\u0142 wykonany w <strong>100% z lnu<\/strong>, o szeroko\u015bci 280 cm, kt\u00f3ry \u0142\u0105czy w sobie naturalne pi\u0119kno i trwa\u0142o\u015b\u0107. Dzi\u0119ki swojej strukturze i gramaturze 420 g\/m\u00b2, jest idealnym rozwi\u0105zaniem dla os\u00f3b ceni\u0105cych wysok\u0105 jako\u015b\u0107 i szlachetny wygl\u0105d tkanin.<\/p>\n<p>100% len zapewnia tkaninie trwa\u0142o\u015b\u0107, przewiewno\u015b\u0107 oraz wyj\u0105tkow\u0105 estetyk\u0119, kt\u00f3ra \u015bwietnie komponuje si\u0119 w nowoczesnych i klasycznych aran\u017cacjach. Gramatura 420 g\/m\u00b2 sprawia, \u017ce materia\u0142 jest odpowiednio ci\u0119\u017cki i \u015bwietnie si\u0119 uk\u0142ada, idealny zar\u00f3wno do dekoracji, jak i praktycznych zastosowa\u0144. Martindale 20.000 cykli, co oznacza, \u017ce tkanina jest odporna na zu\u017cycie, a przy tym naturalna i przyjemna w dotyku.<\/p>\n<p>VENICE dost\u0119pna jest w czterech eleganckich odcieniach \u2013 klasycznej bieli oraz naturalnych barwach ecru i taupe, kt\u00f3re wprowadzaj\u0105 do wn\u0119trz spok\u00f3j i harmoni\u0119.<\/p>\n<p>Zastosowanie:<\/p>\n<ul>\n<li>Zas\u0142ony i rolety rzymskie \u2013 lniane zas\u0142ony s\u0105 idealnym rozwi\u0105zaniem do eleganckich i przytulnych wn\u0119trz, dodaj\u0105c im naturalno\u015bci i lekko\u015bci.<\/li>\n<li>Obicia mebli \u2013 dzi\u0119ki du\u017cej wytrzyma\u0142o\u015bci tkanina sprawdzi si\u0119 na meblach tapicerowanych, zapewniaj\u0105c im trwa\u0142o\u015b\u0107 oraz wyj\u0105tkowy, naturalny wygl\u0105d.<\/li>\n<li>Poduszki dekoracyjne \u2013 idealne do wn\u0119trz w stylu skandynawskim czy boho, wnosz\u0105c przytulno\u015b\u0107 i elegancj\u0119.<\/li>\n<li>Obrusy i dodatki \u2013 doskona\u0142e na naturalnie wygl\u0105daj\u0105ce tekstylia sto\u0142owe, kt\u00f3re dodaj\u0105 elegancji ka\u017cdemu wn\u0119trzu.<\/li>\n<\/ul>\n<p>Zas\u0142ony i obicia z 100% lnu s\u0105 funkcjonalnym i estetycznym wyborem, kt\u00f3ry wprowadza naturalne pi\u0119kno do wn\u0119trz, jednocze\u015bnie oferuj\u0105c wysok\u0105 trwa\u0142o\u015b\u0107 i komfort u\u017cytkowania.<\/p>\n<p>&nbsp;<\/p>\n<p>Dost\u0119pne kolory:<\/p>\n\n\t\t<style type=\"text\/css\">\n\t\t\t#gallery-1 {\n\t\t\t\tmargin: auto;\n\t\t\t}\n\t\t\t#gallery-1 .gallery-item {\n\t\t\t\tfloat: left;\n\t\t\t\tmargin-top: 10px;\n\t\t\t\ttext-align: center;\n\t\t\t\twidth: 20%;\n\t\t\t}\n\t\t\t#gallery-1 img {\n\t\t\t\tborder: 2px solid #cfcfcf;\n\t\t\t}\n\t\t\t#gallery-1 .gallery-caption {\n\t\t\t\tmargin-left: 0;\n\t\t\t}\n\t\t\t\/* see gallery_shortcode() in wp-includes\/media.php *\/\n\t\t<\/style>\n\t\t<div id='gallery-1' class='gallery galleryid-9203 gallery-columns-5 gallery-size-thumbnail'><dl class='gallery-item'>\n\t\t\t<dt class='gallery-icon landscape'>\n\t\t\t\t<a href='https:\/\/rad-pol.com.pl\/tkaninydekoracyjne\/?attachment_id=9204'><img decoding=\"async\" width=\"150\" height=\"150\" src=\"https:\/\/rad-pol.com.pl\/tkaninydekoracyjne\/wp-content\/uploads\/sites\/3\/2024\/08\/Marfil-150x150.jpeg\" class=\"attachment-thumbnail size-thumbnail\" alt=\"\" aria-describedby=\"gallery-1-9204\" srcset=\"https:\/\/rad-pol.com.pl\/tkaninydekoracyjne\/wp-content\/uploads\/sites\/3\/2024\/08\/Marfil-150x150.jpeg 150w, https:\/\/rad-pol.com.pl\/tkaninydekoracyjne\/wp-content\/uploads\/sites\/3\/2024\/08\/Marfil-300x300.jpeg 300w, https:\/\/rad-pol.com.pl\/tkaninydekoracyjne\/wp-content\/uploads\/sites\/3\/2024\/08\/Marfil-100x100.jpeg 100w, https:\/\/rad-pol.com.pl\/tkaninydekoracyjne\/wp-content\/uploads\/sites\/3\/2024\/08\/Marfil.jpeg 600w\" sizes=\"(max-width: 150px) 100vw, 150px\" \/><\/a>\n\t\t\t<\/dt>\n\t\t\t\t<dd class='wp-caption-text gallery-caption' id='gallery-1-9204'>\n\t\t\t\tMarfil\n\t\t\t\t<\/dd><\/dl><dl class='gallery-item'>\n\t\t\t<dt class='gallery-icon landscape'>\n\t\t\t\t<a href='https:\/\/rad-pol.com.pl\/tkaninydekoracyjne\/?attachment_id=9205'><img decoding=\"async\" width=\"150\" height=\"150\" src=\"https:\/\/rad-pol.com.pl\/tkaninydekoracyjne\/wp-content\/uploads\/sites\/3\/2024\/08\/Natur-150x150.jpeg\" class=\"attachment-thumbnail size-thumbnail\" alt=\"\" aria-describedby=\"gallery-1-9205\" srcset=\"https:\/\/rad-pol.com.pl\/tkaninydekoracyjne\/wp-content\/uploads\/sites\/3\/2024\/08\/Natur-150x150.jpeg 150w, https:\/\/rad-pol.com.pl\/tkaninydekoracyjne\/wp-content\/uploads\/sites\/3\/2024\/08\/Natur-300x300.jpeg 300w, https:\/\/rad-pol.com.pl\/tkaninydekoracyjne\/wp-content\/uploads\/sites\/3\/2024\/08\/Natur-100x100.jpeg 100w, https:\/\/rad-pol.com.pl\/tkaninydekoracyjne\/wp-content\/uploads\/sites\/3\/2024\/08\/Natur.jpeg 600w\" sizes=\"(max-width: 150px) 100vw, 150px\" \/><\/a>\n\t\t\t<\/dt>\n\t\t\t\t<dd class='wp-caption-text gallery-caption' id='gallery-1-9205'>\n\t\t\t\tNatur\n\t\t\t\t<\/dd><\/dl><dl class='gallery-item'>\n\t\t\t<dt class='gallery-icon landscape'>\n\t\t\t\t<a href='https:\/\/rad-pol.com.pl\/tkaninydekoracyjne\/?attachment_id=9206'><img decoding=\"async\" width=\"150\" height=\"150\" src=\"https:\/\/rad-pol.com.pl\/tkaninydekoracyjne\/wp-content\/uploads\/sites\/3\/2024\/08\/Perla-150x150.jpeg\" class=\"attachment-thumbnail size-thumbnail\" alt=\"\" aria-describedby=\"gallery-1-9206\" srcset=\"https:\/\/rad-pol.com.pl\/tkaninydekoracyjne\/wp-content\/uploads\/sites\/3\/2024\/08\/Perla-150x150.jpeg 150w, https:\/\/rad-pol.com.pl\/tkaninydekoracyjne\/wp-content\/uploads\/sites\/3\/2024\/08\/Perla-300x300.jpeg 300w, https:\/\/rad-pol.com.pl\/tkaninydekoracyjne\/wp-content\/uploads\/sites\/3\/2024\/08\/Perla-100x100.jpeg 100w, https:\/\/rad-pol.com.pl\/tkaninydekoracyjne\/wp-content\/uploads\/sites\/3\/2024\/08\/Perla.jpeg 600w\" sizes=\"(max-width: 150px) 100vw, 150px\" \/><\/a>\n\t\t\t<\/dt>\n\t\t\t\t<dd class='wp-caption-text gallery-caption' id='gallery-1-9206'>\n\t\t\t\tPerla\n\t\t\t\t<\/dd><\/dl><dl class='gallery-item'>\n\t\t\t<dt class='gallery-icon landscape'>\n\t\t\t\t<a href='https:\/\/rad-pol.com.pl\/tkaninydekoracyjne\/?attachment_id=9207'><img loading=\"lazy\" decoding=\"async\" width=\"150\" height=\"150\" src=\"https:\/\/rad-pol.com.pl\/tkaninydekoracyjne\/wp-content\/uploads\/sites\/3\/2024\/08\/BlancoEcru-150x150.jpeg\" class=\"attachment-thumbnail size-thumbnail\" alt=\"\" aria-describedby=\"gallery-1-9207\" srcset=\"https:\/\/rad-pol.com.pl\/tkaninydekoracyjne\/wp-content\/uploads\/sites\/3\/2024\/08\/BlancoEcru-150x150.jpeg 150w, https:\/\/rad-pol.com.pl\/tkaninydekoracyjne\/wp-content\/uploads\/sites\/3\/2024\/08\/BlancoEcru-300x300.jpeg 300w, https:\/\/rad-pol.com.pl\/tkaninydekoracyjne\/wp-content\/uploads\/sites\/3\/2024\/08\/BlancoEcru-100x100.jpeg 100w, https:\/\/rad-pol.com.pl\/tkaninydekoracyjne\/wp-content\/uploads\/sites\/3\/2024\/08\/BlancoEcru.jpeg 600w\" sizes=\"(max-width: 150px) 100vw, 150px\" \/><\/a>\n\t\t\t<\/dt>\n\t\t\t\t<dd class='wp-caption-text gallery-caption' id='gallery-1-9207'>\n\t\t\t\tBlanco\n\t\t\t\t<\/dd><\/dl>\n\t\t\t<br style='clear: both' \/>\n\t\t<\/div>\n\n<h3>Zalety lnu w <strong>zas\u0142onach<\/strong>:<\/h3>\n<ol>\n<li><strong>Naturalny i ekologiczny materia\u0142-\u00a0 <\/strong>Len jest biodegradowalny, co czyni go przyjaznym dla \u015brodowiska wyborem. Jego surowa, naturalna struktura dodaje wn\u0119trzom ekologicznego i autentycznego wygl\u0105du.<\/li>\n<li><strong>Przepuszczalno\u015b\u0107 powietrza &#8211; <\/strong>Len jest przewiewny, co sprawia, \u017ce zas\u0142ony lniane wpuszczaj\u0105 \u015bwie\u017ce powietrze, jednocze\u015bnie filtruj\u0105c \u015bwiat\u0142o. Dzi\u0119ki temu wn\u0119trza s\u0105 dobrze wentylowane, a zas\u0142ony zapewniaj\u0105 naturalny komfort cieplny.<\/li>\n<li><strong>Regulacja wilgoci &#8211; <\/strong>Len ma zdolno\u015b\u0107 poch\u0142aniania wilgoci, dzi\u0119ki czemu zas\u0142ony nie zatrzymuj\u0105 wilgoci w pomieszczeniach, co jest szczeg\u00f3lnie wa\u017cne w wilgotnych klimatach.<\/li>\n<li><strong>Estetyka i elegancja &#8211; <\/strong>Zas\u0142ony z lnu maj\u0105 naturalny, rustykalny urok. Z czasem staj\u0105 si\u0119 jeszcze bardziej mi\u0119kkie, a ich matowy, subtelny wygl\u0105d wprowadza elegancki minimalizm do ka\u017cdego wn\u0119trza.<\/li>\n<li><strong>Trwa\u0142o\u015b\u0107 &#8211; <\/strong>Len jest materia\u0142em wyj\u0105tkowo wytrzyma\u0142ym, co sprawia, \u017ce zas\u0142ony lniane b\u0119d\u0105 s\u0142u\u017cy\u0107 przez d\u0142ugie lata, nie trac\u0105c swoich w\u0142a\u015bciwo\u015bci ani estetyki.<\/li>\n<\/ol>\n<h3>Zalety lnu w <strong>obiciach mebli<\/strong>:<\/h3>\n<ol>\n<li><strong>Wytrzyma\u0142o\u015b\u0107 &#8211; <\/strong>Len to jedno z najsilniejszych naturalnych w\u0142\u00f3kien, co czyni go idealnym materia\u0142em na obicia mebli. Jest odporny na rozci\u0105ganie i \u015bcieranie, a z czasem staje si\u0119 bardziej mi\u0119kki, nie trac\u0105c swojej trwa\u0142o\u015bci.<\/li>\n<li><strong>Naturalny komfort &#8211; <\/strong>Len jest przyjemny w dotyku, oddychaj\u0105cy i hipoalergiczny, dzi\u0119ki czemu zapewnia komfort u\u017cytkowania na co dzie\u0144. Nie podra\u017cnia sk\u00f3ry i jest idealny dla os\u00f3b z alergiami.<\/li>\n<li><strong>Odporno\u015b\u0107 na zabrudzenia &#8211; <\/strong>Dzi\u0119ki swojej strukturze len jest odporny na plamy i brud, co czyni go praktycznym wyborem na tapicerki. Mo\u017cna go \u0142atwo wyczy\u015bci\u0107, a jego naturalny wygl\u0105d maskuje drobne niedoskona\u0142o\u015bci.<\/li>\n<li><strong>Estetyka &#8211; <\/strong>Len w obiciach mebli wprowadza do wn\u0119trza naturalny, elegancki wygl\u0105d. Jego tekstura i subtelny po\u0142ysk dodaj\u0105 meblom nowoczesnego lub rustykalnego charakteru, w zale\u017cno\u015bci od aran\u017cacji wn\u0119trza.<\/li>\n<li><strong>Odporny na ple\u015b\u0144 i bakterie &#8211; <\/strong>Len ma w\u0142a\u015bciwo\u015bci antyseptyczne i jest mniej podatny na rozw\u00f3j ple\u015bni, co sprawia, \u017ce doskonale sprawdza si\u0119 w pomieszczeniach nara\u017conych na wilgo\u0107, takich jak kuchnie i \u0142azienki.<\/li>\n<\/ol>\n","protected":false},"excerpt":{"rendered":"<div class=\"expandable\">\n<div class=\"ex-header\">\n<div class=\"e-title\">\n<p>dane produktu<\/p>\n<\/div>\n<\/div>\n<div class=\"toSlide product_data\">\n<table>\n<tbody>\n<tr>\n<td>szeroko\u015b\u0107<\/td>\n<td>280<\/td>\n<\/tr>\n<tr>\n<td>sk\u0142ad<\/td>\n<td>100% len<\/td>\n<\/tr>\n<tr>\n<td>ilo\u015b\u0107 kolor\u00f3w<\/td>\n<td>4<\/td>\n<\/tr>\n<tr>\n<td>gramatura<\/td>\n<td>420 g\/m2<\/td>\n<\/tr>\n<tr>\n<td>\u015bcieralno\u015b\u0107 (martindale)<\/td>\n<td>20000<\/td>\n<\/tr>\n<tr>\n<td>kod art.<\/td>\n<td id=\"kod_art_val\">Marfil<\/td>\n<\/tr>\n<\/tbody>\n<\/table>\n<\/div>\n<\/div>\n<div id=\"clean_slide\" class=\"expandable\">\n<div class=\"ex-header\">\n<div class=\"e-title\">\n<p>pranie i czyszczenie<\/p>\n<\/div>\n<\/div>\n<div class=\"toSlide cleaning\">\n<table>\n<tbody>\n<tr>\n<td><img decoding=\"async\" src=\"http:\/\/rad-pol.com.pl\/tkaninydekoracyjne\/wp-content\/uploads\/sites\/3\/2024\/04\/etykieta-4338.png\" alt=\"nie wybiela\u0107\" \/><\/td>\n<td>nie wybiela\u0107<\/td>\n<\/tr>\n<tr>\n<td><img decoding=\"async\" src=\"http:\/\/rad-pol.com.pl\/tkaninydekoracyjne\/wp-content\/uploads\/sites\/3\/2024\/09\/etykieta-7256.png\" alt=\"pranie w temperaturze 30\u00b0C\" \/><\/td>\n<td>pranie w temperaturze 30\u00b0C<\/td>\n<\/tr>\n<tr>\n<td><img decoding=\"async\" src=\"http:\/\/rad-pol.com.pl\/tkaninydekoracyjne\/wp-content\/uploads\/sites\/3\/2024\/09\/etykieta-10519.png\" alt=\"prasowanie w temperaturze do 110 \u00b0C\" \/><\/td>\n<td>prasowanie w temperaturze do 110 \u00b0C<\/td>\n<\/tr>\n<\/tbody>\n<\/table>\n<p>https:\/\/youtube.com\/shorts\/qysFNa5XaP4?feature=share<\/p>\n<\/div>\n<\/div>\n","protected":false},"featured_media":9208,"comment_status":"open","ping_status":"closed","template":"","meta":[],"product_brand":[],"product_cat":[18,46],"product_tag":[55,214,260],"class_list":{"0":"post-9203","1":"product","2":"type-product","3":"status-publish","4":"has-post-thumbnail","6":"product_cat-len","7":"product_cat-zaslonowe","8":"product_tag-gladka","9":"product_tag-len","10":"product_tag-naturalna","12":"first","13":"instock","14":"shipping-taxable","15":"product-type-simple"},"yoast_head":"<!-- This site is optimized with the Yoast SEO plugin v27.4 - https:\/\/yoast.com\/product\/yoast-seo-wordpress\/ -->\n<title>Venice - Rad-Pol Tkaniny<\/title>\n<meta name=\"description\" content=\"Tkanina VENICE to wyj\u0105tkowy materia\u0142 wykonany w 100% z lnu, o szeroko\u015bci 280 cm, kt\u00f3ry \u0142\u0105czy w sobie naturalne pi\u0119kno i trwa\u0142o\u015b\u0107.\" \/>\n<meta name=\"robots\" content=\"index, follow, max-snippet:-1, max-image-preview:large, max-video-preview:-1\" \/>\n<link rel=\"canonical\" href=\"https:\/\/rad-pol.com.pl\/tkaninydekoracyjne\/produkt\/venice\/\" \/>\n<meta property=\"og:locale\" content=\"pl_PL\" \/>\n<meta property=\"og:type\" content=\"article\" \/>\n<meta property=\"og:title\" content=\"Venice - Rad-Pol Tkaniny\" \/>\n<meta property=\"og:description\" content=\"Tkanina VENICE to wyj\u0105tkowy materia\u0142 wykonany w 100% z lnu, o szeroko\u015bci 280 cm, kt\u00f3ry \u0142\u0105czy w sobie naturalne pi\u0119kno i trwa\u0142o\u015b\u0107.\" \/>\n<meta property=\"og:url\" content=\"https:\/\/rad-pol.com.pl\/tkaninydekoracyjne\/produkt\/venice\/\" \/>\n<meta property=\"og:site_name\" content=\"Rad-Pol Tkaniny\" \/>\n<meta property=\"article:publisher\" content=\"https:\/\/www.facebook.com\/RadPolTkaniny\" \/>\n<meta property=\"article:modified_time\" content=\"2025-10-01T10:07:12+00:00\" \/>\n<meta property=\"og:image\" content=\"http:\/\/rad-pol.com.pl\/tkaninydekoracyjne\/wp-content\/uploads\/sites\/3\/2024\/08\/venice3323.jpeg\" \/>\n\t<meta property=\"og:image:width\" content=\"600\" \/>\n\t<meta property=\"og:image:height\" content=\"600\" \/>\n\t<meta property=\"og:image:type\" content=\"image\/jpeg\" \/>\n<meta name=\"twitter:card\" content=\"summary_large_image\" \/>\n<meta name=\"twitter:label1\" content=\"Szacowany czas czytania\" \/>\n\t<meta name=\"twitter:data1\" content=\"4 minuty\" \/>\n<script type=\"application\/ld+json\" class=\"yoast-schema-graph\">{\"@context\":\"https:\\\/\\\/schema.org\",\"@graph\":[{\"@type\":\"WebPage\",\"@id\":\"https:\\\/\\\/rad-pol.com.pl\\\/tkaninydekoracyjne\\\/produkt\\\/venice\\\/\",\"url\":\"https:\\\/\\\/rad-pol.com.pl\\\/tkaninydekoracyjne\\\/produkt\\\/venice\\\/\",\"name\":\"Venice - Rad-Pol Tkaniny\",\"isPartOf\":{\"@id\":\"https:\\\/\\\/rad-pol.com.pl\\\/tkaninydekoracyjne\\\/#website\"},\"primaryImageOfPage\":{\"@id\":\"https:\\\/\\\/rad-pol.com.pl\\\/tkaninydekoracyjne\\\/produkt\\\/venice\\\/#primaryimage\"},\"image\":{\"@id\":\"https:\\\/\\\/rad-pol.com.pl\\\/tkaninydekoracyjne\\\/produkt\\\/venice\\\/#primaryimage\"},\"thumbnailUrl\":\"https:\\\/\\\/rad-pol.com.pl\\\/tkaninydekoracyjne\\\/wp-content\\\/uploads\\\/sites\\\/3\\\/2024\\\/08\\\/venice3323.jpeg\",\"datePublished\":\"2024-08-02T12:15:12+00:00\",\"dateModified\":\"2025-10-01T10:07:12+00:00\",\"description\":\"Tkanina VENICE to wyj\u0105tkowy materia\u0142 wykonany w 100% z lnu, o szeroko\u015bci 280 cm, kt\u00f3ry \u0142\u0105czy w sobie naturalne pi\u0119kno i trwa\u0142o\u015b\u0107.\",\"breadcrumb\":{\"@id\":\"https:\\\/\\\/rad-pol.com.pl\\\/tkaninydekoracyjne\\\/produkt\\\/venice\\\/#breadcrumb\"},\"inLanguage\":\"pl-PL\",\"potentialAction\":[{\"@type\":\"ReadAction\",\"target\":[\"https:\\\/\\\/rad-pol.com.pl\\\/tkaninydekoracyjne\\\/produkt\\\/venice\\\/\"]}]},{\"@type\":\"ImageObject\",\"inLanguage\":\"pl-PL\",\"@id\":\"https:\\\/\\\/rad-pol.com.pl\\\/tkaninydekoracyjne\\\/produkt\\\/venice\\\/#primaryimage\",\"url\":\"https:\\\/\\\/rad-pol.com.pl\\\/tkaninydekoracyjne\\\/wp-content\\\/uploads\\\/sites\\\/3\\\/2024\\\/08\\\/venice3323.jpeg\",\"contentUrl\":\"https:\\\/\\\/rad-pol.com.pl\\\/tkaninydekoracyjne\\\/wp-content\\\/uploads\\\/sites\\\/3\\\/2024\\\/08\\\/venice3323.jpeg\",\"width\":600,\"height\":600},{\"@type\":\"BreadcrumbList\",\"@id\":\"https:\\\/\\\/rad-pol.com.pl\\\/tkaninydekoracyjne\\\/produkt\\\/venice\\\/#breadcrumb\",\"itemListElement\":[{\"@type\":\"ListItem\",\"position\":1,\"name\":\"Strona g\u0142\u00f3wna\",\"item\":\"https:\\\/\\\/rad-pol.com.pl\\\/tkaninydekoracyjne\\\/\"},{\"@type\":\"ListItem\",\"position\":2,\"name\":\"Sklep\",\"item\":\"https:\\\/\\\/rad-pol.com.pl\\\/tkaninydekoracyjne\\\/sklep\\\/\"},{\"@type\":\"ListItem\",\"position\":3,\"name\":\"Venice\"}]},{\"@type\":\"WebSite\",\"@id\":\"https:\\\/\\\/rad-pol.com.pl\\\/tkaninydekoracyjne\\\/#website\",\"url\":\"https:\\\/\\\/rad-pol.com.pl\\\/tkaninydekoracyjne\\\/\",\"name\":\"Rad-Pol Tkaniny\",\"description\":\"\",\"publisher\":{\"@id\":\"https:\\\/\\\/rad-pol.com.pl\\\/tkaninydekoracyjne\\\/#organization\"},\"potentialAction\":[{\"@type\":\"SearchAction\",\"target\":{\"@type\":\"EntryPoint\",\"urlTemplate\":\"https:\\\/\\\/rad-pol.com.pl\\\/tkaninydekoracyjne\\\/?s={search_term_string}\"},\"query-input\":{\"@type\":\"PropertyValueSpecification\",\"valueRequired\":true,\"valueName\":\"search_term_string\"}}],\"inLanguage\":\"pl-PL\"},{\"@type\":\"Organization\",\"@id\":\"https:\\\/\\\/rad-pol.com.pl\\\/tkaninydekoracyjne\\\/#organization\",\"name\":\"Rad-Pol Tkaniny\",\"url\":\"https:\\\/\\\/rad-pol.com.pl\\\/tkaninydekoracyjne\\\/\",\"logo\":{\"@type\":\"ImageObject\",\"inLanguage\":\"pl-PL\",\"@id\":\"https:\\\/\\\/rad-pol.com.pl\\\/tkaninydekoracyjne\\\/#\\\/schema\\\/logo\\\/image\\\/\",\"url\":\"https:\\\/\\\/rad-pol.com.pl\\\/tkaninydekoracyjne\\\/wp-content\\\/uploads\\\/sites\\\/3\\\/2024\\\/04\\\/RadPol-logo-www.png\",\"contentUrl\":\"https:\\\/\\\/rad-pol.com.pl\\\/tkaninydekoracyjne\\\/wp-content\\\/uploads\\\/sites\\\/3\\\/2024\\\/04\\\/RadPol-logo-www.png\",\"width\":300,\"height\":108,\"caption\":\"Rad-Pol Tkaniny\"},\"image\":{\"@id\":\"https:\\\/\\\/rad-pol.com.pl\\\/tkaninydekoracyjne\\\/#\\\/schema\\\/logo\\\/image\\\/\"},\"sameAs\":[\"https:\\\/\\\/www.facebook.com\\\/RadPolTkaniny\"]}]}<\/script>\n<!-- \/ Yoast SEO plugin. -->","yoast_head_json":{"title":"Venice - Rad-Pol Tkaniny","description":"Tkanina VENICE to wyj\u0105tkowy materia\u0142 wykonany w 100% z lnu, o szeroko\u015bci 280 cm, kt\u00f3ry \u0142\u0105czy w sobie naturalne pi\u0119kno i trwa\u0142o\u015b\u0107.","robots":{"index":"index","follow":"follow","max-snippet":"max-snippet:-1","max-image-preview":"max-image-preview:large","max-video-preview":"max-video-preview:-1"},"canonical":"https:\/\/rad-pol.com.pl\/tkaninydekoracyjne\/produkt\/venice\/","og_locale":"pl_PL","og_type":"article","og_title":"Venice - Rad-Pol Tkaniny","og_description":"Tkanina VENICE to wyj\u0105tkowy materia\u0142 wykonany w 100% z lnu, o szeroko\u015bci 280 cm, kt\u00f3ry \u0142\u0105czy w sobie naturalne pi\u0119kno i trwa\u0142o\u015b\u0107.","og_url":"https:\/\/rad-pol.com.pl\/tkaninydekoracyjne\/produkt\/venice\/","og_site_name":"Rad-Pol Tkaniny","article_publisher":"https:\/\/www.facebook.com\/RadPolTkaniny","article_modified_time":"2025-10-01T10:07:12+00:00","og_image":[{"width":600,"height":600,"url":"http:\/\/rad-pol.com.pl\/tkaninydekoracyjne\/wp-content\/uploads\/sites\/3\/2024\/08\/venice3323.jpeg","type":"image\/jpeg"}],"twitter_card":"summary_large_image","twitter_misc":{"Szacowany czas czytania":"4 minuty"},"schema":{"@context":"https:\/\/schema.org","@graph":[{"@type":"WebPage","@id":"https:\/\/rad-pol.com.pl\/tkaninydekoracyjne\/produkt\/venice\/","url":"https:\/\/rad-pol.com.pl\/tkaninydekoracyjne\/produkt\/venice\/","name":"Venice - Rad-Pol Tkaniny","isPartOf":{"@id":"https:\/\/rad-pol.com.pl\/tkaninydekoracyjne\/#website"},"primaryImageOfPage":{"@id":"https:\/\/rad-pol.com.pl\/tkaninydekoracyjne\/produkt\/venice\/#primaryimage"},"image":{"@id":"https:\/\/rad-pol.com.pl\/tkaninydekoracyjne\/produkt\/venice\/#primaryimage"},"thumbnailUrl":"https:\/\/rad-pol.com.pl\/tkaninydekoracyjne\/wp-content\/uploads\/sites\/3\/2024\/08\/venice3323.jpeg","datePublished":"2024-08-02T12:15:12+00:00","dateModified":"2025-10-01T10:07:12+00:00","description":"Tkanina VENICE to wyj\u0105tkowy materia\u0142 wykonany w 100% z lnu, o szeroko\u015bci 280 cm, kt\u00f3ry \u0142\u0105czy w sobie naturalne pi\u0119kno i trwa\u0142o\u015b\u0107.","breadcrumb":{"@id":"https:\/\/rad-pol.com.pl\/tkaninydekoracyjne\/produkt\/venice\/#breadcrumb"},"inLanguage":"pl-PL","potentialAction":[{"@type":"ReadAction","target":["https:\/\/rad-pol.com.pl\/tkaninydekoracyjne\/produkt\/venice\/"]}]},{"@type":"ImageObject","inLanguage":"pl-PL","@id":"https:\/\/rad-pol.com.pl\/tkaninydekoracyjne\/produkt\/venice\/#primaryimage","url":"https:\/\/rad-pol.com.pl\/tkaninydekoracyjne\/wp-content\/uploads\/sites\/3\/2024\/08\/venice3323.jpeg","contentUrl":"https:\/\/rad-pol.com.pl\/tkaninydekoracyjne\/wp-content\/uploads\/sites\/3\/2024\/08\/venice3323.jpeg","width":600,"height":600},{"@type":"BreadcrumbList","@id":"https:\/\/rad-pol.com.pl\/tkaninydekoracyjne\/produkt\/venice\/#breadcrumb","itemListElement":[{"@type":"ListItem","position":1,"name":"Strona g\u0142\u00f3wna","item":"https:\/\/rad-pol.com.pl\/tkaninydekoracyjne\/"},{"@type":"ListItem","position":2,"name":"Sklep","item":"https:\/\/rad-pol.com.pl\/tkaninydekoracyjne\/sklep\/"},{"@type":"ListItem","position":3,"name":"Venice"}]},{"@type":"WebSite","@id":"https:\/\/rad-pol.com.pl\/tkaninydekoracyjne\/#website","url":"https:\/\/rad-pol.com.pl\/tkaninydekoracyjne\/","name":"Rad-Pol Tkaniny","description":"","publisher":{"@id":"https:\/\/rad-pol.com.pl\/tkaninydekoracyjne\/#organization"},"potentialAction":[{"@type":"SearchAction","target":{"@type":"EntryPoint","urlTemplate":"https:\/\/rad-pol.com.pl\/tkaninydekoracyjne\/?s={search_term_string}"},"query-input":{"@type":"PropertyValueSpecification","valueRequired":true,"valueName":"search_term_string"}}],"inLanguage":"pl-PL"},{"@type":"Organization","@id":"https:\/\/rad-pol.com.pl\/tkaninydekoracyjne\/#organization","name":"Rad-Pol Tkaniny","url":"https:\/\/rad-pol.com.pl\/tkaninydekoracyjne\/","logo":{"@type":"ImageObject","inLanguage":"pl-PL","@id":"https:\/\/rad-pol.com.pl\/tkaninydekoracyjne\/#\/schema\/logo\/image\/","url":"https:\/\/rad-pol.com.pl\/tkaninydekoracyjne\/wp-content\/uploads\/sites\/3\/2024\/04\/RadPol-logo-www.png","contentUrl":"https:\/\/rad-pol.com.pl\/tkaninydekoracyjne\/wp-content\/uploads\/sites\/3\/2024\/04\/RadPol-logo-www.png","width":300,"height":108,"caption":"Rad-Pol Tkaniny"},"image":{"@id":"https:\/\/rad-pol.com.pl\/tkaninydekoracyjne\/#\/schema\/logo\/image\/"},"sameAs":["https:\/\/www.facebook.com\/RadPolTkaniny"]}]}},"_links":{"self":[{"href":"https:\/\/rad-pol.com.pl\/tkaninydekoracyjne\/wp-json\/wp\/v2\/product\/9203","targetHints":{"allow":["GET"]}}],"collection":[{"href":"https:\/\/rad-pol.com.pl\/tkaninydekoracyjne\/wp-json\/wp\/v2\/product"}],"about":[{"href":"https:\/\/rad-pol.com.pl\/tkaninydekoracyjne\/wp-json\/wp\/v2\/types\/product"}],"replies":[{"embeddable":true,"href":"https:\/\/rad-pol.com.pl\/tkaninydekoracyjne\/wp-json\/wp\/v2\/comments?post=9203"}],"version-history":[{"count":5,"href":"https:\/\/rad-pol.com.pl\/tkaninydekoracyjne\/wp-json\/wp\/v2\/product\/9203\/revisions"}],"predecessor-version":[{"id":15295,"href":"https:\/\/rad-pol.com.pl\/tkaninydekoracyjne\/wp-json\/wp\/v2\/product\/9203\/revisions\/15295"}],"wp:featuredmedia":[{"embeddable":true,"href":"https:\/\/rad-pol.com.pl\/tkaninydekoracyjne\/wp-json\/wp\/v2\/media\/9208"}],"wp:attachment":[{"href":"https:\/\/rad-pol.com.pl\/tkaninydekoracyjne\/wp-json\/wp\/v2\/media?parent=9203"}],"wp:term":[{"taxonomy":"product_brand","embeddable":true,"href":"https:\/\/rad-pol.com.pl\/tkaninydekoracyjne\/wp-json\/wp\/v2\/product_brand?post=9203"},{"taxonomy":"product_cat","embeddable":true,"href":"https:\/\/rad-pol.com.pl\/tkaninydekoracyjne\/wp-json\/wp\/v2\/product_cat?post=9203"},{"taxonomy":"product_tag","embeddable":true,"href":"https:\/\/rad-pol.com.pl\/tkaninydekoracyjne\/wp-json\/wp\/v2\/product_tag?post=9203"}],"curies":[{"name":"wp","href":"https:\/\/api.w.org\/{rel}","templated":true}]}}